{"id":23910,"date":"2019-04-23T00:05:20","date_gmt":"2019-04-22T22:05:20","guid":{"rendered":"http:\/\/budapest100.hu\/?post_type=event&#038;p=23910"},"modified":"2019-04-10T22:59:32","modified_gmt":"2019-04-10T20:59:32","slug":"a-tervezok-hofstatter-bela-es-domany-ferenc-eletet-es-az-epulet-tortenetet-bemutato-kiallitas-es-a-nagykozonseg-elott-is-megnyitjak-az-ipari-muemleknek-szamito-ruhaszarito-helyiseget-2","status":"publish","type":"event","link":"https:\/\/budapest100.hu\/en\/event\/a-tervezok-hofstatter-bela-es-domany-ferenc-eletet-es-az-epulet-tortenetet-bemutato-kiallitas-es-a-nagykozonseg-elott-is-megnyitjak-az-ipari-muemleknek-szamito-ruhaszarito-helyiseget-2\/","title":{"rendered":"A tervez\u0151k, Hofst\u00e4tter B\u00e9la \u00e9s Dom\u00e1ny Ferenc \u00e9let\u00e9t \u00e9s az \u00e9p\u00fclet t\u00f6rt\u00e9net\u00e9t bemutat\u00f3 ki\u00e1ll\u00edt\u00e1s, \u00e9s a nagyk\u00f6z\u00f6ns\u00e9g el\u0151tt is megnyitj\u00e1k az ipari m\u0171eml\u00e9knek sz\u00e1m\u00edt\u00f3 ruhasz\u00e1r\u00edt\u00f3 helyis\u00e9get."},"content":{"rendered":"<p><strong>FONTOS:<\/strong> A rendezv\u00e9ny id\u0151tartama alatt a lifteket \u2013 \u00f6r\u00f6ks\u00e9gv\u00e9delmi okokb\u00f3l \u2013 csak a h\u00e1z lak\u00f3i, illetve a mozg\u00e1sukban korl\u00e1tozott szem\u00e9lyek haszn\u00e1lhatj\u00e1k!<\/p>\n","protected":false},"excerpt":{"rendered":"<p>FONTOS: A rendezv\u00e9ny id\u0151tartama alatt a lifteket \u2013 \u00f6r\u00f6ks\u00e9gv\u00e9delmi okokb\u00f3l \u2013 csak a h\u00e1z lak\u00f3i, illetve a mozg\u00e1sukban korl\u00e1tozott szem\u00e9lyek haszn\u00e1lhatj\u00e1k!<\/p>\n","protected":false},"author":14,"featured_media":0,"menu_order":0,"template":"","meta":{"_acf_changed":false,"footnotes":""},"class_list":["post-23910","event","type-event","status-publish","hentry"],"acf":[],"yoast_head":"<!-- This site is optimized with the Yoast SEO plugin v27.4 - https:\/\/yoast.com\/product\/yoast-seo-wordpress\/ -->\n<title>A tervez\u0151k, Hofst\u00e4tter B\u00e9la \u00e9s Dom\u00e1ny Ferenc \u00e9let\u00e9t \u00e9s az \u00e9p\u00fclet t\u00f6rt\u00e9net\u00e9t bemutat\u00f3 ki\u00e1ll\u00edt\u00e1s, \u00e9s a nagyk\u00f6z\u00f6ns\u00e9g el\u0151tt is megnyitj\u00e1k az ipari m\u0171eml\u00e9knek sz\u00e1m\u00edt\u00f3 ruhasz\u00e1r\u00edt\u00f3 helyis\u00e9get. - Budapest100<\/title>\n<meta name=\"robots\" content=\"index, follow, max-snippet:-1, max-image-preview:large, max-video-preview:-1\" \/>\n<link rel=\"canonical\" href=\"https:\/\/budapest100.hu\/en\/event\/a-tervezok-hofstatter-bela-es-domany-ferenc-eletet-es-az-epulet-tortenetet-bemutato-kiallitas-es-a-nagykozonseg-elott-is-megnyitjak-az-ipari-muemleknek-szamito-ruhaszarito-helyiseget-2\/\" \/>\n<meta property=\"og:locale\" content=\"en_US\" \/>\n<meta property=\"og:type\" content=\"article\" \/>\n<meta property=\"og:title\" content=\"A tervez\u0151k, Hofst\u00e4tter B\u00e9la \u00e9s Dom\u00e1ny Ferenc \u00e9let\u00e9t \u00e9s az \u00e9p\u00fclet t\u00f6rt\u00e9net\u00e9t bemutat\u00f3 ki\u00e1ll\u00edt\u00e1s, \u00e9s a nagyk\u00f6z\u00f6ns\u00e9g el\u0151tt is megnyitj\u00e1k az ipari m\u0171eml\u00e9knek sz\u00e1m\u00edt\u00f3 ruhasz\u00e1r\u00edt\u00f3 helyis\u00e9get. - Budapest100\" \/>\n<meta property=\"og:description\" content=\"FONTOS: A rendezv\u00e9ny id\u0151tartama alatt a lifteket \u2013 \u00f6r\u00f6ks\u00e9gv\u00e9delmi okokb\u00f3l \u2013 csak a h\u00e1z lak\u00f3i, illetve a mozg\u00e1sukban korl\u00e1tozott szem\u00e9lyek haszn\u00e1lhatj\u00e1k!\" \/>\n<meta property=\"og:url\" content=\"https:\/\/budapest100.hu\/en\/event\/a-tervezok-hofstatter-bela-es-domany-ferenc-eletet-es-az-epulet-tortenetet-bemutato-kiallitas-es-a-nagykozonseg-elott-is-megnyitjak-az-ipari-muemleknek-szamito-ruhaszarito-helyiseget-2\/\" \/>\n<meta property=\"og:site_name\" content=\"Budapest100\" \/>\n<meta name=\"twitter:card\" content=\"summary_large_image\" \/>\n<script type=\"application\/ld+json\" class=\"yoast-schema-graph\">{\"@context\":\"https:\\\/\\\/schema.org\",\"@graph\":[{\"@type\":\"WebPage\",\"@id\":\"https:\\\/\\\/budapest100.hu\\\/en\\\/event\\\/a-tervezok-hofstatter-bela-es-domany-ferenc-eletet-es-az-epulet-tortenetet-bemutato-kiallitas-es-a-nagykozonseg-elott-is-megnyitjak-az-ipari-muemleknek-szamito-ruhaszarito-helyiseget-2\\\/\",\"url\":\"https:\\\/\\\/budapest100.hu\\\/en\\\/event\\\/a-tervezok-hofstatter-bela-es-domany-ferenc-eletet-es-az-epulet-tortenetet-bemutato-kiallitas-es-a-nagykozonseg-elott-is-megnyitjak-az-ipari-muemleknek-szamito-ruhaszarito-helyiseget-2\\\/\",\"name\":\"A tervez\u0151k, Hofst\u00e4tter B\u00e9la \u00e9s Dom\u00e1ny Ferenc \u00e9let\u00e9t \u00e9s az \u00e9p\u00fclet t\u00f6rt\u00e9net\u00e9t bemutat\u00f3 ki\u00e1ll\u00edt\u00e1s, \u00e9s a nagyk\u00f6z\u00f6ns\u00e9g el\u0151tt is megnyitj\u00e1k az ipari m\u0171eml\u00e9knek sz\u00e1m\u00edt\u00f3 ruhasz\u00e1r\u00edt\u00f3 helyis\u00e9get. - Budapest100\",\"isPartOf\":{\"@id\":\"https:\\\/\\\/budapest100.hu\\\/en\\\/#website\"},\"datePublished\":\"2019-04-22T22:05:20+00:00\",\"inLanguage\":\"en-US\",\"potentialAction\":[{\"@type\":\"ReadAction\",\"target\":[\"https:\\\/\\\/budapest100.hu\\\/en\\\/event\\\/a-tervezok-hofstatter-bela-es-domany-ferenc-eletet-es-az-epulet-tortenetet-bemutato-kiallitas-es-a-nagykozonseg-elott-is-megnyitjak-az-ipari-muemleknek-szamito-ruhaszarito-helyiseget-2\\\/\"]}]},{\"@type\":\"WebSite\",\"@id\":\"https:\\\/\\\/budapest100.hu\\\/en\\\/#website\",\"url\":\"https:\\\/\\\/budapest100.hu\\\/en\\\/\",\"name\":\"Budapest100\",\"description\":\"Nyitott h\u00e1zak h\u00e9tv\u00e9g\u00e9je\",\"potentialAction\":[{\"@type\":\"SearchAction\",\"target\":{\"@type\":\"EntryPoint\",\"urlTemplate\":\"https:\\\/\\\/budapest100.hu\\\/en\\\/?s={search_term_string}\"},\"query-input\":{\"@type\":\"PropertyValueSpecification\",\"valueRequired\":true,\"valueName\":\"search_term_string\"}}],\"inLanguage\":\"en-US\"}]}<\/script>\n<!-- \/ Yoast SEO plugin. -->","yoast_head_json":{"title":"A tervez\u0151k, Hofst\u00e4tter B\u00e9la \u00e9s Dom\u00e1ny Ferenc \u00e9let\u00e9t \u00e9s az \u00e9p\u00fclet t\u00f6rt\u00e9net\u00e9t bemutat\u00f3 ki\u00e1ll\u00edt\u00e1s, \u00e9s a nagyk\u00f6z\u00f6ns\u00e9g el\u0151tt is megnyitj\u00e1k az ipari m\u0171eml\u00e9knek sz\u00e1m\u00edt\u00f3 ruhasz\u00e1r\u00edt\u00f3 helyis\u00e9get. - Budapest100","robots":{"index":"index","follow":"follow","max-snippet":"max-snippet:-1","max-image-preview":"max-image-preview:large","max-video-preview":"max-video-preview:-1"},"canonical":"https:\/\/budapest100.hu\/en\/event\/a-tervezok-hofstatter-bela-es-domany-ferenc-eletet-es-az-epulet-tortenetet-bemutato-kiallitas-es-a-nagykozonseg-elott-is-megnyitjak-az-ipari-muemleknek-szamito-ruhaszarito-helyiseget-2\/","og_locale":"en_US","og_type":"article","og_title":"A tervez\u0151k, Hofst\u00e4tter B\u00e9la \u00e9s Dom\u00e1ny Ferenc \u00e9let\u00e9t \u00e9s az \u00e9p\u00fclet t\u00f6rt\u00e9net\u00e9t bemutat\u00f3 ki\u00e1ll\u00edt\u00e1s, \u00e9s a nagyk\u00f6z\u00f6ns\u00e9g el\u0151tt is megnyitj\u00e1k az ipari m\u0171eml\u00e9knek sz\u00e1m\u00edt\u00f3 ruhasz\u00e1r\u00edt\u00f3 helyis\u00e9get. - Budapest100","og_description":"FONTOS: A rendezv\u00e9ny id\u0151tartama alatt a lifteket \u2013 \u00f6r\u00f6ks\u00e9gv\u00e9delmi okokb\u00f3l \u2013 csak a h\u00e1z lak\u00f3i, illetve a mozg\u00e1sukban korl\u00e1tozott szem\u00e9lyek haszn\u00e1lhatj\u00e1k!","og_url":"https:\/\/budapest100.hu\/en\/event\/a-tervezok-hofstatter-bela-es-domany-ferenc-eletet-es-az-epulet-tortenetet-bemutato-kiallitas-es-a-nagykozonseg-elott-is-megnyitjak-az-ipari-muemleknek-szamito-ruhaszarito-helyiseget-2\/","og_site_name":"Budapest100","twitter_card":"summary_large_image","schema":{"@context":"https:\/\/schema.org","@graph":[{"@type":"WebPage","@id":"https:\/\/budapest100.hu\/en\/event\/a-tervezok-hofstatter-bela-es-domany-ferenc-eletet-es-az-epulet-tortenetet-bemutato-kiallitas-es-a-nagykozonseg-elott-is-megnyitjak-az-ipari-muemleknek-szamito-ruhaszarito-helyiseget-2\/","url":"https:\/\/budapest100.hu\/en\/event\/a-tervezok-hofstatter-bela-es-domany-ferenc-eletet-es-az-epulet-tortenetet-bemutato-kiallitas-es-a-nagykozonseg-elott-is-megnyitjak-az-ipari-muemleknek-szamito-ruhaszarito-helyiseget-2\/","name":"A tervez\u0151k, Hofst\u00e4tter B\u00e9la \u00e9s Dom\u00e1ny Ferenc \u00e9let\u00e9t \u00e9s az \u00e9p\u00fclet t\u00f6rt\u00e9net\u00e9t bemutat\u00f3 ki\u00e1ll\u00edt\u00e1s, \u00e9s a nagyk\u00f6z\u00f6ns\u00e9g el\u0151tt is megnyitj\u00e1k az ipari m\u0171eml\u00e9knek sz\u00e1m\u00edt\u00f3 ruhasz\u00e1r\u00edt\u00f3 helyis\u00e9get. - Budapest100","isPartOf":{"@id":"https:\/\/budapest100.hu\/en\/#website"},"datePublished":"2019-04-22T22:05:20+00:00","inLanguage":"en-US","potentialAction":[{"@type":"ReadAction","target":["https:\/\/budapest100.hu\/en\/event\/a-tervezok-hofstatter-bela-es-domany-ferenc-eletet-es-az-epulet-tortenetet-bemutato-kiallitas-es-a-nagykozonseg-elott-is-megnyitjak-az-ipari-muemleknek-szamito-ruhaszarito-helyiseget-2\/"]}]},{"@type":"WebSite","@id":"https:\/\/budapest100.hu\/en\/#website","url":"https:\/\/budapest100.hu\/en\/","name":"Budapest100","description":"Nyitott h\u00e1zak h\u00e9tv\u00e9g\u00e9je","potentialAction":[{"@type":"SearchAction","target":{"@type":"EntryPoint","urlTemplate":"https:\/\/budapest100.hu\/en\/?s={search_term_string}"},"query-input":{"@type":"PropertyValueSpecification","valueRequired":true,"valueName":"search_term_string"}}],"inLanguage":"en-US"}]}},"_links":{"self":[{"href":"https:\/\/budapest100.hu\/en\/wp-json\/wp\/v2\/event\/23910","targetHints":{"allow":["GET"]}}],"collection":[{"href":"https:\/\/budapest100.hu\/en\/wp-json\/wp\/v2\/event"}],"about":[{"href":"https:\/\/budapest100.hu\/en\/wp-json\/wp\/v2\/types\/event"}],"author":[{"embeddable":true,"href":"https:\/\/budapest100.hu\/en\/wp-json\/wp\/v2\/users\/14"}],"version-history":[{"count":0,"href":"https:\/\/budapest100.hu\/en\/wp-json\/wp\/v2\/event\/23910\/revisions"}],"wp:attachment":[{"href":"https:\/\/budapest100.hu\/en\/wp-json\/wp\/v2\/media?parent=23910"}],"curies":[{"name":"wp","href":"https:\/\/api.w.org\/{rel}","templated":true}]}}

A tervezők, Hofstätter Béla és Domány Ferenc életét és az épület történetét bemutató kiállítás, és a nagyközönség előtt is megnyitják az ipari műemléknek számító ruhaszárító helyiséget.

<p><strong>FONTOS:</strong> A rendezvény időtartama alatt a lifteket – örökségvédelmi okokból – csak a ház lakói, illetve a mozgásukban korlátozott személyek használhatják!</p>

<p>FONTOS: A rendezvény időtartama alatt a lifteket – örökségvédelmi okokból – csak a ház lakói, illetve a mozgásukban korlátozott személyek használhatják!</p>

<!-- This site is optimized with the Yoast SEO plugin v27.4 - https://yoast.com/product/yoast-seo-wordpress/ -->
<title>A tervezők, Hofstätter Béla és Domány Ferenc életét és az épület történetét bemutató kiállítás, és a nagyközönség előtt is megnyitják az ipari műemléknek számító ruhaszárító helyiséget. - Budapest100</title>
<meta name="robots" content="index, follow, max-snippet:-1, max-image-preview:large, max-video-preview:-1" />
<link rel="canonical" href="https://budapest100.hu/en/event/a-tervezok-hofstatter-bela-es-domany-ferenc-eletet-es-az-epulet-tortenetet-bemutato-kiallitas-es-a-nagykozonseg-elott-is-megnyitjak-az-ipari-muemleknek-szamito-ruhaszarito-helyiseget-2/" />
<meta property="og:locale" content="en_US" />
<meta property="og:type" content="article" />
<meta property="og:title" content="A tervezők, Hofstätter Béla és Domány Ferenc életét és az épület történetét bemutató kiállítás, és a nagyközönség előtt is megnyitják az ipari műemléknek számító ruhaszárító helyiséget. - Budapest100" />
<meta property="og:description" content="FONTOS: A rendezvény időtartama alatt a lifteket – örökségvédelmi okokból – csak a ház lakói, illetve a mozgásukban korlátozott személyek használhatják!" />
<meta property="og:url" content="https://budapest100.hu/en/event/a-tervezok-hofstatter-bela-es-domany-ferenc-eletet-es-az-epulet-tortenetet-bemutato-kiallitas-es-a-nagykozonseg-elott-is-megnyitjak-az-ipari-muemleknek-szamito-ruhaszarito-helyiseget-2/" />
<meta property="og:site_name" content="Budapest100" />
<meta name="twitter:card" content="summary_large_image" />
<script type="application/ld+json" class="yoast-schema-graph">{"@context":"https:\/\/schema.org","@graph":[{"@type":"WebPage","@id":"https:\/\/budapest100.hu\/en\/event\/a-tervezok-hofstatter-bela-es-domany-ferenc-eletet-es-az-epulet-tortenetet-bemutato-kiallitas-es-a-nagykozonseg-elott-is-megnyitjak-az-ipari-muemleknek-szamito-ruhaszarito-helyiseget-2\/","url":"https:\/\/budapest100.hu\/en\/event\/a-tervezok-hofstatter-bela-es-domany-ferenc-eletet-es-az-epulet-tortenetet-bemutato-kiallitas-es-a-nagykozonseg-elott-is-megnyitjak-az-ipari-muemleknek-szamito-ruhaszarito-helyiseget-2\/","name":"A tervezők, Hofstätter Béla és Domány Ferenc életét és az épület történetét bemutató kiállítás, és a nagyközönség előtt is megnyitják az ipari műemléknek számító ruhaszárító helyiséget. - Budapest100","isPartOf":{"@id":"https:\/\/budapest100.hu\/en\/#website"},"datePublished":"2019-04-22T22:05:20+00:00","inLanguage":"en-US","potentialAction":[{"@type":"ReadAction","target":["https:\/\/budapest100.hu\/en\/event\/a-tervezok-hofstatter-bela-es-domany-ferenc-eletet-es-az-epulet-tortenetet-bemutato-kiallitas-es-a-nagykozonseg-elott-is-megnyitjak-az-ipari-muemleknek-szamito-ruhaszarito-helyiseget-2\/"]}]},{"@type":"WebSite","@id":"https:\/\/budapest100.hu\/en\/#website","url":"https:\/\/budapest100.hu\/en\/","name":"Budapest100","description":"Nyitott házak hétvégéje","potentialAction":[{"@type":"SearchAction","target":{"@type":"EntryPoint","urlTemplate":"https:\/\/budapest100.hu\/en\/?s={search_term_string}"},"query-input":{"@type":"PropertyValueSpecification","valueRequired":true,"valueName":"search_term_string"}}],"inLanguage":"en-US"}]}</script>
<!-- / Yoast SEO plugin. -->

A tervezők, Hofstätter Béla és Domány Ferenc életét és az épület történetét bemutató kiállítás, és a nagyközönség előtt is megnyitják az ipari műemléknek számító ruhaszárító helyiséget. - Budapest100

FONTOS: A rendezvény időtartama alatt a lifteket – örökségvédelmi okokból – csak a ház lakói, illetve a mozgásukban korlátozott személyek használhatják!

Nyitott házak hétvégéje
