{"id":27803,"date":"2020-08-27T15:12:38","date_gmt":"2020-08-27T13:12:38","guid":{"rendered":"http:\/\/budapest100.hu\/?post_type=event&#038;p=27803"},"modified":"2020-09-13T23:30:35","modified_gmt":"2020-09-13T21:30:35","slug":"iden-eloszor-vezetett-setak-kereteben-megtekintheto-a-terezvarosi-polgarmesteri-hivatal-reg-4","status":"publish","type":"event","link":"https:\/\/budapest100.hu\/en\/event\/iden-eloszor-vezetett-setak-kereteben-megtekintheto-a-terezvarosi-polgarmesteri-hivatal-reg-4\/","title":{"rendered":"Id\u00e9n el\u0151sz\u00f6r, vezetett s\u00e9t\u00e1k keret\u00e9ben megtekinthet\u0151 a Ter\u00e9zv\u00e1rosi Polg\u00e1rmesteri Hivatal [*REG]"},"content":{"rendered":"<p><span style=\"font-weight: 400;\">Regisztr\u00e1lj \u00e9s n\u00e9zd meg vel\u00fcnk hogyan m\u0171k\u00f6dik egy polg\u00e1rmester munkak\u00f6z\u00f6ss\u00e9ge a\u00a0 mindennapokban. A s\u00e9ta sor\u00e1n a r\u00e9gi \u00e9s izgalmas \u00e9p\u00fcletr\u0151l mes\u00e9l Ter\u00e9zv\u00e1ros f\u0151\u00e9p\u00edt\u00e9sze. De az \u00f6nkorm\u00e1nyzati munka mindennapjaiba is betekint\u00e9st nyerhetnek az \u00e9rdekl\u0151d\u0151k \u00e9s tal\u00e1lkozhatnak a ker\u00fclet vezet\u0151s\u00e9g\u00e9vel is<\/span><\/p>\n<p><strong>Regisztr\u00e1ci\u00f3 a kiv\u00e1lasztott id\u0151pont megjel\u00f6l\u00e9s\u00e9vel<\/strong>: <a href=\"mailto:foepitesz@terezvaros.hu\">foepitesz@terezvaros.hu<\/a> (max. 20f\u0151\/s\u00e9ta, max. 2f\u0151\/email)<span style=\"font-weight: 400;\"><br \/>\n<\/span><\/p>\n","protected":false},"excerpt":{"rendered":"<p>Regisztr\u00e1lj \u00e9s n\u00e9zd meg vel\u00fcnk hogyan m\u0171k\u00f6dik egy polg\u00e1rmester munkak\u00f6z\u00f6ss\u00e9ge a\u00a0 mindennapokban. A s\u00e9ta sor\u00e1n a r\u00e9gi \u00e9s izgalmas \u00e9p\u00fcletr\u0151l mes\u00e9l Ter\u00e9zv\u00e1ros f\u0151\u00e9p\u00edt\u00e9sze. De az \u00f6nkorm\u00e1nyzati munka mindennapjaiba is betekint\u00e9st nyerhetnek az \u00e9rdekl\u0151d\u0151k \u00e9s tal\u00e1lkozhatnak a ker\u00fclet vezet\u0151s\u00e9g\u00e9vel is Regisztr\u00e1ci\u00f3 a kiv\u00e1lasztott id\u0151pont megjel\u00f6l\u00e9s\u00e9vel: foepitesz@terezvaros.hu (max. 20f\u0151\/s\u00e9ta, max. 2f\u0151\/email)<\/p>\n","protected":false},"author":19,"featured_media":0,"menu_order":0,"template":"","meta":{"_acf_changed":false,"footnotes":""},"class_list":["post-27803","event","type-event","status-publish","hentry"],"acf":[],"yoast_head":"<!-- This site is optimized with the Yoast SEO plugin v27.4 - https:\/\/yoast.com\/product\/yoast-seo-wordpress\/ -->\n<title>Id\u00e9n el\u0151sz\u00f6r, vezetett s\u00e9t\u00e1k keret\u00e9ben megtekinthet\u0151 a Ter\u00e9zv\u00e1rosi Polg\u00e1rmesteri Hivatal [*REG] - Budapest100<\/title>\n<meta name=\"robots\" content=\"index, follow, max-snippet:-1, max-image-preview:large, max-video-preview:-1\" \/>\n<link rel=\"canonical\" href=\"https:\/\/budapest100.hu\/en\/event\/iden-eloszor-vezetett-setak-kereteben-megtekintheto-a-terezvarosi-polgarmesteri-hivatal-reg-4\/\" \/>\n<meta property=\"og:locale\" content=\"en_US\" \/>\n<meta property=\"og:type\" content=\"article\" \/>\n<meta property=\"og:title\" content=\"Id\u00e9n el\u0151sz\u00f6r, vezetett s\u00e9t\u00e1k keret\u00e9ben megtekinthet\u0151 a Ter\u00e9zv\u00e1rosi Polg\u00e1rmesteri Hivatal [*REG] - Budapest100\" \/>\n<meta property=\"og:description\" content=\"Regisztr\u00e1lj \u00e9s n\u00e9zd meg vel\u00fcnk hogyan m\u0171k\u00f6dik egy polg\u00e1rmester munkak\u00f6z\u00f6ss\u00e9ge a\u00a0 mindennapokban. A s\u00e9ta sor\u00e1n a r\u00e9gi \u00e9s izgalmas \u00e9p\u00fcletr\u0151l mes\u00e9l Ter\u00e9zv\u00e1ros f\u0151\u00e9p\u00edt\u00e9sze. De az \u00f6nkorm\u00e1nyzati munka mindennapjaiba is betekint\u00e9st nyerhetnek az \u00e9rdekl\u0151d\u0151k \u00e9s tal\u00e1lkozhatnak a ker\u00fclet vezet\u0151s\u00e9g\u00e9vel is Regisztr\u00e1ci\u00f3 a kiv\u00e1lasztott id\u0151pont megjel\u00f6l\u00e9s\u00e9vel: foepitesz@terezvaros.hu (max. 20f\u0151\/s\u00e9ta, max. 2f\u0151\/email)\" \/>\n<meta property=\"og:url\" content=\"https:\/\/budapest100.hu\/en\/event\/iden-eloszor-vezetett-setak-kereteben-megtekintheto-a-terezvarosi-polgarmesteri-hivatal-reg-4\/\" \/>\n<meta property=\"og:site_name\" content=\"Budapest100\" \/>\n<meta property=\"article:modified_time\" content=\"2020-09-13T21:30:35+00:00\" \/>\n<meta name=\"twitter:card\" content=\"summary_large_image\" \/>\n<script type=\"application\/ld+json\" class=\"yoast-schema-graph\">{\"@context\":\"https:\\\/\\\/schema.org\",\"@graph\":[{\"@type\":\"WebPage\",\"@id\":\"https:\\\/\\\/budapest100.hu\\\/en\\\/event\\\/iden-eloszor-vezetett-setak-kereteben-megtekintheto-a-terezvarosi-polgarmesteri-hivatal-reg-4\\\/\",\"url\":\"https:\\\/\\\/budapest100.hu\\\/en\\\/event\\\/iden-eloszor-vezetett-setak-kereteben-megtekintheto-a-terezvarosi-polgarmesteri-hivatal-reg-4\\\/\",\"name\":\"Id\u00e9n el\u0151sz\u00f6r, vezetett s\u00e9t\u00e1k keret\u00e9ben megtekinthet\u0151 a Ter\u00e9zv\u00e1rosi Polg\u00e1rmesteri Hivatal [*REG] - Budapest100\",\"isPartOf\":{\"@id\":\"https:\\\/\\\/budapest100.hu\\\/en\\\/#website\"},\"datePublished\":\"2020-08-27T13:12:38+00:00\",\"dateModified\":\"2020-09-13T21:30:35+00:00\",\"inLanguage\":\"en-US\",\"potentialAction\":[{\"@type\":\"ReadAction\",\"target\":[\"https:\\\/\\\/budapest100.hu\\\/en\\\/event\\\/iden-eloszor-vezetett-setak-kereteben-megtekintheto-a-terezvarosi-polgarmesteri-hivatal-reg-4\\\/\"]}]},{\"@type\":\"WebSite\",\"@id\":\"https:\\\/\\\/budapest100.hu\\\/en\\\/#website\",\"url\":\"https:\\\/\\\/budapest100.hu\\\/en\\\/\",\"name\":\"Budapest100\",\"description\":\"Nyitott h\u00e1zak h\u00e9tv\u00e9g\u00e9je\",\"potentialAction\":[{\"@type\":\"SearchAction\",\"target\":{\"@type\":\"EntryPoint\",\"urlTemplate\":\"https:\\\/\\\/budapest100.hu\\\/en\\\/?s={search_term_string}\"},\"query-input\":{\"@type\":\"PropertyValueSpecification\",\"valueRequired\":true,\"valueName\":\"search_term_string\"}}],\"inLanguage\":\"en-US\"}]}<\/script>\n<!-- \/ Yoast SEO plugin. -->","yoast_head_json":{"title":"Id\u00e9n el\u0151sz\u00f6r, vezetett s\u00e9t\u00e1k keret\u00e9ben megtekinthet\u0151 a Ter\u00e9zv\u00e1rosi Polg\u00e1rmesteri Hivatal [*REG] - Budapest100","robots":{"index":"index","follow":"follow","max-snippet":"max-snippet:-1","max-image-preview":"max-image-preview:large","max-video-preview":"max-video-preview:-1"},"canonical":"https:\/\/budapest100.hu\/en\/event\/iden-eloszor-vezetett-setak-kereteben-megtekintheto-a-terezvarosi-polgarmesteri-hivatal-reg-4\/","og_locale":"en_US","og_type":"article","og_title":"Id\u00e9n el\u0151sz\u00f6r, vezetett s\u00e9t\u00e1k keret\u00e9ben megtekinthet\u0151 a Ter\u00e9zv\u00e1rosi Polg\u00e1rmesteri Hivatal [*REG] - Budapest100","og_description":"Regisztr\u00e1lj \u00e9s n\u00e9zd meg vel\u00fcnk hogyan m\u0171k\u00f6dik egy polg\u00e1rmester munkak\u00f6z\u00f6ss\u00e9ge a\u00a0 mindennapokban. A s\u00e9ta sor\u00e1n a r\u00e9gi \u00e9s izgalmas \u00e9p\u00fcletr\u0151l mes\u00e9l Ter\u00e9zv\u00e1ros f\u0151\u00e9p\u00edt\u00e9sze. De az \u00f6nkorm\u00e1nyzati munka mindennapjaiba is betekint\u00e9st nyerhetnek az \u00e9rdekl\u0151d\u0151k \u00e9s tal\u00e1lkozhatnak a ker\u00fclet vezet\u0151s\u00e9g\u00e9vel is Regisztr\u00e1ci\u00f3 a kiv\u00e1lasztott id\u0151pont megjel\u00f6l\u00e9s\u00e9vel: foepitesz@terezvaros.hu (max. 20f\u0151\/s\u00e9ta, max. 2f\u0151\/email)","og_url":"https:\/\/budapest100.hu\/en\/event\/iden-eloszor-vezetett-setak-kereteben-megtekintheto-a-terezvarosi-polgarmesteri-hivatal-reg-4\/","og_site_name":"Budapest100","article_modified_time":"2020-09-13T21:30:35+00:00","twitter_card":"summary_large_image","schema":{"@context":"https:\/\/schema.org","@graph":[{"@type":"WebPage","@id":"https:\/\/budapest100.hu\/en\/event\/iden-eloszor-vezetett-setak-kereteben-megtekintheto-a-terezvarosi-polgarmesteri-hivatal-reg-4\/","url":"https:\/\/budapest100.hu\/en\/event\/iden-eloszor-vezetett-setak-kereteben-megtekintheto-a-terezvarosi-polgarmesteri-hivatal-reg-4\/","name":"Id\u00e9n el\u0151sz\u00f6r, vezetett s\u00e9t\u00e1k keret\u00e9ben megtekinthet\u0151 a Ter\u00e9zv\u00e1rosi Polg\u00e1rmesteri Hivatal [*REG] - Budapest100","isPartOf":{"@id":"https:\/\/budapest100.hu\/en\/#website"},"datePublished":"2020-08-27T13:12:38+00:00","dateModified":"2020-09-13T21:30:35+00:00","inLanguage":"en-US","potentialAction":[{"@type":"ReadAction","target":["https:\/\/budapest100.hu\/en\/event\/iden-eloszor-vezetett-setak-kereteben-megtekintheto-a-terezvarosi-polgarmesteri-hivatal-reg-4\/"]}]},{"@type":"WebSite","@id":"https:\/\/budapest100.hu\/en\/#website","url":"https:\/\/budapest100.hu\/en\/","name":"Budapest100","description":"Nyitott h\u00e1zak h\u00e9tv\u00e9g\u00e9je","potentialAction":[{"@type":"SearchAction","target":{"@type":"EntryPoint","urlTemplate":"https:\/\/budapest100.hu\/en\/?s={search_term_string}"},"query-input":{"@type":"PropertyValueSpecification","valueRequired":true,"valueName":"search_term_string"}}],"inLanguage":"en-US"}]}},"_links":{"self":[{"href":"https:\/\/budapest100.hu\/en\/wp-json\/wp\/v2\/event\/27803","targetHints":{"allow":["GET"]}}],"collection":[{"href":"https:\/\/budapest100.hu\/en\/wp-json\/wp\/v2\/event"}],"about":[{"href":"https:\/\/budapest100.hu\/en\/wp-json\/wp\/v2\/types\/event"}],"author":[{"embeddable":true,"href":"https:\/\/budapest100.hu\/en\/wp-json\/wp\/v2\/users\/19"}],"version-history":[{"count":0,"href":"https:\/\/budapest100.hu\/en\/wp-json\/wp\/v2\/event\/27803\/revisions"}],"wp:attachment":[{"href":"https:\/\/budapest100.hu\/en\/wp-json\/wp\/v2\/media?parent=27803"}],"curies":[{"name":"wp","href":"https:\/\/api.w.org\/{rel}","templated":true}]}}

Idén először, vezetett séták keretében megtekinthető a Terézvárosi Polgármesteri Hivatal [*REG]

<p><span style="font-weight: 400;">Regisztrálj és nézd meg velünk hogyan működik egy polgármester munkaközössége a  mindennapokban. A séta során a régi és izgalmas épületről mesél Terézváros főépítésze. De az önkormányzati munka mindennapjaiba is betekintést nyerhetnek az érdeklődők és találkozhatnak a kerület vezetőségével is</span></p>
<p><strong>Regisztráció a kiválasztott időpont megjelölésével</strong>: <a href="mailto:foepitesz@terezvaros.hu">foepitesz@terezvaros.hu</a> (max. 20fő/séta, max. 2fő/email)<span style="font-weight: 400;"><br />
</span></p>

<p>Regisztrálj és nézd meg velünk hogyan működik egy polgármester munkaközössége a  mindennapokban. A séta során a régi és izgalmas épületről mesél Terézváros főépítésze. De az önkormányzati munka mindennapjaiba is betekintést nyerhetnek az érdeklődők és találkozhatnak a kerület vezetőségével is Regisztráció a kiválasztott időpont megjelölésével: foepitesz@terezvaros.hu (max. 20fő/séta, max. 2fő/email)</p>

<!-- This site is optimized with the Yoast SEO plugin v27.4 - https://yoast.com/product/yoast-seo-wordpress/ -->
<title>Idén először, vezetett séták keretében megtekinthető a Terézvárosi Polgármesteri Hivatal [*REG] - Budapest100</title>
<meta name="robots" content="index, follow, max-snippet:-1, max-image-preview:large, max-video-preview:-1" />
<link rel="canonical" href="https://budapest100.hu/en/event/iden-eloszor-vezetett-setak-kereteben-megtekintheto-a-terezvarosi-polgarmesteri-hivatal-reg-4/" />
<meta property="og:locale" content="en_US" />
<meta property="og:type" content="article" />
<meta property="og:title" content="Idén először, vezetett séták keretében megtekinthető a Terézvárosi Polgármesteri Hivatal [*REG] - Budapest100" />
<meta property="og:description" content="Regisztrálj és nézd meg velünk hogyan működik egy polgármester munkaközössége a  mindennapokban. A séta során a régi és izgalmas épületről mesél Terézváros főépítésze. De az önkormányzati munka mindennapjaiba is betekintést nyerhetnek az érdeklődők és találkozhatnak a kerület vezetőségével is Regisztráció a kiválasztott időpont megjelölésével: foepitesz@terezvaros.hu (max. 20fő/séta, max. 2fő/email)" />
<meta property="og:url" content="https://budapest100.hu/en/event/iden-eloszor-vezetett-setak-kereteben-megtekintheto-a-terezvarosi-polgarmesteri-hivatal-reg-4/" />
<meta property="og:site_name" content="Budapest100" />
<meta property="article:modified_time" content="2020-09-13T21:30:35+00:00" />
<meta name="twitter:card" content="summary_large_image" />
<script type="application/ld+json" class="yoast-schema-graph">{"@context":"https:\/\/schema.org","@graph":[{"@type":"WebPage","@id":"https:\/\/budapest100.hu\/en\/event\/iden-eloszor-vezetett-setak-kereteben-megtekintheto-a-terezvarosi-polgarmesteri-hivatal-reg-4\/","url":"https:\/\/budapest100.hu\/en\/event\/iden-eloszor-vezetett-setak-kereteben-megtekintheto-a-terezvarosi-polgarmesteri-hivatal-reg-4\/","name":"Idén először, vezetett séták keretében megtekinthető a Terézvárosi Polgármesteri Hivatal [*REG] - Budapest100","isPartOf":{"@id":"https:\/\/budapest100.hu\/en\/#website"},"datePublished":"2020-08-27T13:12:38+00:00","dateModified":"2020-09-13T21:30:35+00:00","inLanguage":"en-US","potentialAction":[{"@type":"ReadAction","target":["https:\/\/budapest100.hu\/en\/event\/iden-eloszor-vezetett-setak-kereteben-megtekintheto-a-terezvarosi-polgarmesteri-hivatal-reg-4\/"]}]},{"@type":"WebSite","@id":"https:\/\/budapest100.hu\/en\/#website","url":"https:\/\/budapest100.hu\/en\/","name":"Budapest100","description":"Nyitott házak hétvégéje","potentialAction":[{"@type":"SearchAction","target":{"@type":"EntryPoint","urlTemplate":"https:\/\/budapest100.hu\/en\/?s={search_term_string}"},"query-input":{"@type":"PropertyValueSpecification","valueRequired":true,"valueName":"search_term_string"}}],"inLanguage":"en-US"}]}</script>
<!-- / Yoast SEO plugin. -->

Idén először, vezetett séták keretében megtekinthető a Terézvárosi Polgármesteri Hivatal [*REG] - Budapest100

Regisztrálj és nézd meg velünk hogyan működik egy polgármester munkaközössége a  mindennapokban. A séta során a régi és izgalmas épületről mesél Terézváros főépítésze. De az önkormányzati munka mindennapjaiba is betekintést nyerhetnek az érdeklődők és találkozhatnak a kerület vezetőségével is Regisztráció a kiválasztott időpont megjelölésével: foepitesz@terezvaros.hu (max. 20fő/séta, max. 2fő/email)

Nyitott házak hétvégéje
