{"id":28164,"date":"2020-09-01T01:35:18","date_gmt":"2020-08-31T23:35:18","guid":{"rendered":"http:\/\/budapest100.hu\/?post_type=event&#038;p=28164"},"modified":"2020-09-15T15:49:00","modified_gmt":"2020-09-15T13:49:00","slug":"100-perces-seta-a-kammermayer-karoly-tertol-a-phonix-hazig-konig-tamas-vezetesevel","status":"publish","type":"event","link":"https:\/\/budapest100.hu\/en\/event\/100-perces-seta-a-kammermayer-karoly-tertol-a-phonix-hazig-konig-tamas-vezetesevel\/","title":{"rendered":"100 perces s\u00e9ta a Kammermayer K\u00e1roly t\u00e9rt\u0151l a Ph\u0151nix h\u00e1zig, K\u0151nig Tam\u00e1s vezet\u00e9s\u00e9vel"},"content":{"rendered":"<p>\u00c9ppen 100 \u00e9v Budapest els\u0151 polg\u00e1rmester\u00e9nek sz\u00fclet\u00e9s\u00e9t\u0151l a Ph\u00f6nix h\u00e1z meg\u00e9p\u00fclt\u00e9ig.<\/p>\n<p>&nbsp;<\/p>\n","protected":false},"excerpt":{"rendered":"<p>\u00c9ppen 100 \u00e9v Budapest els\u0151 polg\u00e1rmester\u00e9nek sz\u00fclet\u00e9s\u00e9t\u0151l a Ph\u00f6nix h\u00e1z meg\u00e9p\u00fclt\u00e9ig. &nbsp;<\/p>\n","protected":false},"author":19,"featured_media":0,"menu_order":0,"template":"","meta":{"_acf_changed":false,"footnotes":""},"class_list":["post-28164","event","type-event","status-publish","hentry"],"acf":[],"yoast_head":"<!-- This site is optimized with the Yoast SEO plugin v27.4 - https:\/\/yoast.com\/product\/yoast-seo-wordpress\/ -->\n<title>100 perces s\u00e9ta a Kammermayer K\u00e1roly t\u00e9rt\u0151l a Ph\u0151nix h\u00e1zig, K\u0151nig Tam\u00e1s vezet\u00e9s\u00e9vel - Budapest100<\/title>\n<meta name=\"robots\" content=\"index, follow, max-snippet:-1, max-image-preview:large, max-video-preview:-1\" \/>\n<link rel=\"canonical\" href=\"https:\/\/budapest100.hu\/en\/event\/100-perces-seta-a-kammermayer-karoly-tertol-a-phonix-hazig-konig-tamas-vezetesevel\/\" \/>\n<meta property=\"og:locale\" content=\"en_US\" \/>\n<meta property=\"og:type\" content=\"article\" \/>\n<meta property=\"og:title\" content=\"100 perces s\u00e9ta a Kammermayer K\u00e1roly t\u00e9rt\u0151l a Ph\u0151nix h\u00e1zig, K\u0151nig Tam\u00e1s vezet\u00e9s\u00e9vel - Budapest100\" \/>\n<meta property=\"og:description\" content=\"\u00c9ppen 100 \u00e9v Budapest els\u0151 polg\u00e1rmester\u00e9nek sz\u00fclet\u00e9s\u00e9t\u0151l a Ph\u00f6nix h\u00e1z meg\u00e9p\u00fclt\u00e9ig. &nbsp;\" \/>\n<meta property=\"og:url\" content=\"https:\/\/budapest100.hu\/en\/event\/100-perces-seta-a-kammermayer-karoly-tertol-a-phonix-hazig-konig-tamas-vezetesevel\/\" \/>\n<meta property=\"og:site_name\" content=\"Budapest100\" \/>\n<meta property=\"article:modified_time\" content=\"2020-09-15T13:49:00+00:00\" \/>\n<meta name=\"twitter:card\" content=\"summary_large_image\" \/>\n<script type=\"application\/ld+json\" class=\"yoast-schema-graph\">{\"@context\":\"https:\\\/\\\/schema.org\",\"@graph\":[{\"@type\":\"WebPage\",\"@id\":\"https:\\\/\\\/budapest100.hu\\\/en\\\/event\\\/100-perces-seta-a-kammermayer-karoly-tertol-a-phonix-hazig-konig-tamas-vezetesevel\\\/\",\"url\":\"https:\\\/\\\/budapest100.hu\\\/en\\\/event\\\/100-perces-seta-a-kammermayer-karoly-tertol-a-phonix-hazig-konig-tamas-vezetesevel\\\/\",\"name\":\"100 perces s\u00e9ta a Kammermayer K\u00e1roly t\u00e9rt\u0151l a Ph\u0151nix h\u00e1zig, K\u0151nig Tam\u00e1s vezet\u00e9s\u00e9vel - Budapest100\",\"isPartOf\":{\"@id\":\"https:\\\/\\\/budapest100.hu\\\/en\\\/#website\"},\"datePublished\":\"2020-08-31T23:35:18+00:00\",\"dateModified\":\"2020-09-15T13:49:00+00:00\",\"inLanguage\":\"en-US\",\"potentialAction\":[{\"@type\":\"ReadAction\",\"target\":[\"https:\\\/\\\/budapest100.hu\\\/en\\\/event\\\/100-perces-seta-a-kammermayer-karoly-tertol-a-phonix-hazig-konig-tamas-vezetesevel\\\/\"]}]},{\"@type\":\"WebSite\",\"@id\":\"https:\\\/\\\/budapest100.hu\\\/en\\\/#website\",\"url\":\"https:\\\/\\\/budapest100.hu\\\/en\\\/\",\"name\":\"Budapest100\",\"description\":\"Nyitott h\u00e1zak h\u00e9tv\u00e9g\u00e9je\",\"potentialAction\":[{\"@type\":\"SearchAction\",\"target\":{\"@type\":\"EntryPoint\",\"urlTemplate\":\"https:\\\/\\\/budapest100.hu\\\/en\\\/?s={search_term_string}\"},\"query-input\":{\"@type\":\"PropertyValueSpecification\",\"valueRequired\":true,\"valueName\":\"search_term_string\"}}],\"inLanguage\":\"en-US\"}]}<\/script>\n<!-- \/ Yoast SEO plugin. -->","yoast_head_json":{"title":"100 perces s\u00e9ta a Kammermayer K\u00e1roly t\u00e9rt\u0151l a Ph\u0151nix h\u00e1zig, K\u0151nig Tam\u00e1s vezet\u00e9s\u00e9vel - Budapest100","robots":{"index":"index","follow":"follow","max-snippet":"max-snippet:-1","max-image-preview":"max-image-preview:large","max-video-preview":"max-video-preview:-1"},"canonical":"https:\/\/budapest100.hu\/en\/event\/100-perces-seta-a-kammermayer-karoly-tertol-a-phonix-hazig-konig-tamas-vezetesevel\/","og_locale":"en_US","og_type":"article","og_title":"100 perces s\u00e9ta a Kammermayer K\u00e1roly t\u00e9rt\u0151l a Ph\u0151nix h\u00e1zig, K\u0151nig Tam\u00e1s vezet\u00e9s\u00e9vel - Budapest100","og_description":"\u00c9ppen 100 \u00e9v Budapest els\u0151 polg\u00e1rmester\u00e9nek sz\u00fclet\u00e9s\u00e9t\u0151l a Ph\u00f6nix h\u00e1z meg\u00e9p\u00fclt\u00e9ig. &nbsp;","og_url":"https:\/\/budapest100.hu\/en\/event\/100-perces-seta-a-kammermayer-karoly-tertol-a-phonix-hazig-konig-tamas-vezetesevel\/","og_site_name":"Budapest100","article_modified_time":"2020-09-15T13:49:00+00:00","twitter_card":"summary_large_image","schema":{"@context":"https:\/\/schema.org","@graph":[{"@type":"WebPage","@id":"https:\/\/budapest100.hu\/en\/event\/100-perces-seta-a-kammermayer-karoly-tertol-a-phonix-hazig-konig-tamas-vezetesevel\/","url":"https:\/\/budapest100.hu\/en\/event\/100-perces-seta-a-kammermayer-karoly-tertol-a-phonix-hazig-konig-tamas-vezetesevel\/","name":"100 perces s\u00e9ta a Kammermayer K\u00e1roly t\u00e9rt\u0151l a Ph\u0151nix h\u00e1zig, K\u0151nig Tam\u00e1s vezet\u00e9s\u00e9vel - Budapest100","isPartOf":{"@id":"https:\/\/budapest100.hu\/en\/#website"},"datePublished":"2020-08-31T23:35:18+00:00","dateModified":"2020-09-15T13:49:00+00:00","inLanguage":"en-US","potentialAction":[{"@type":"ReadAction","target":["https:\/\/budapest100.hu\/en\/event\/100-perces-seta-a-kammermayer-karoly-tertol-a-phonix-hazig-konig-tamas-vezetesevel\/"]}]},{"@type":"WebSite","@id":"https:\/\/budapest100.hu\/en\/#website","url":"https:\/\/budapest100.hu\/en\/","name":"Budapest100","description":"Nyitott h\u00e1zak h\u00e9tv\u00e9g\u00e9je","potentialAction":[{"@type":"SearchAction","target":{"@type":"EntryPoint","urlTemplate":"https:\/\/budapest100.hu\/en\/?s={search_term_string}"},"query-input":{"@type":"PropertyValueSpecification","valueRequired":true,"valueName":"search_term_string"}}],"inLanguage":"en-US"}]}},"_links":{"self":[{"href":"https:\/\/budapest100.hu\/en\/wp-json\/wp\/v2\/event\/28164","targetHints":{"allow":["GET"]}}],"collection":[{"href":"https:\/\/budapest100.hu\/en\/wp-json\/wp\/v2\/event"}],"about":[{"href":"https:\/\/budapest100.hu\/en\/wp-json\/wp\/v2\/types\/event"}],"author":[{"embeddable":true,"href":"https:\/\/budapest100.hu\/en\/wp-json\/wp\/v2\/users\/19"}],"version-history":[{"count":0,"href":"https:\/\/budapest100.hu\/en\/wp-json\/wp\/v2\/event\/28164\/revisions"}],"wp:attachment":[{"href":"https:\/\/budapest100.hu\/en\/wp-json\/wp\/v2\/media?parent=28164"}],"curies":[{"name":"wp","href":"https:\/\/api.w.org\/{rel}","templated":true}]}}

100 perces séta a Kammermayer Károly tértől a Phőnix házig, Kőnig Tamás vezetésével

<p>Éppen 100 év Budapest első polgármesterének születésétől a Phönix ház megépültéig.</p>
<p>&nbsp;</p>

<p>Éppen 100 év Budapest első polgármesterének születésétől a Phönix ház megépültéig. &nbsp;</p>

<!-- This site is optimized with the Yoast SEO plugin v27.4 - https://yoast.com/product/yoast-seo-wordpress/ -->
<title>100 perces séta a Kammermayer Károly tértől a Phőnix házig, Kőnig Tamás vezetésével - Budapest100</title>
<meta name="robots" content="index, follow, max-snippet:-1, max-image-preview:large, max-video-preview:-1" />
<link rel="canonical" href="https://budapest100.hu/en/event/100-perces-seta-a-kammermayer-karoly-tertol-a-phonix-hazig-konig-tamas-vezetesevel/" />
<meta property="og:locale" content="en_US" />
<meta property="og:type" content="article" />
<meta property="og:title" content="100 perces séta a Kammermayer Károly tértől a Phőnix házig, Kőnig Tamás vezetésével - Budapest100" />
<meta property="og:description" content="Éppen 100 év Budapest első polgármesterének születésétől a Phönix ház megépültéig. &nbsp;" />
<meta property="og:url" content="https://budapest100.hu/en/event/100-perces-seta-a-kammermayer-karoly-tertol-a-phonix-hazig-konig-tamas-vezetesevel/" />
<meta property="og:site_name" content="Budapest100" />
<meta property="article:modified_time" content="2020-09-15T13:49:00+00:00" />
<meta name="twitter:card" content="summary_large_image" />
<script type="application/ld+json" class="yoast-schema-graph">{"@context":"https:\/\/schema.org","@graph":[{"@type":"WebPage","@id":"https:\/\/budapest100.hu\/en\/event\/100-perces-seta-a-kammermayer-karoly-tertol-a-phonix-hazig-konig-tamas-vezetesevel\/","url":"https:\/\/budapest100.hu\/en\/event\/100-perces-seta-a-kammermayer-karoly-tertol-a-phonix-hazig-konig-tamas-vezetesevel\/","name":"100 perces séta a Kammermayer Károly tértől a Phőnix házig, Kőnig Tamás vezetésével - Budapest100","isPartOf":{"@id":"https:\/\/budapest100.hu\/en\/#website"},"datePublished":"2020-08-31T23:35:18+00:00","dateModified":"2020-09-15T13:49:00+00:00","inLanguage":"en-US","potentialAction":[{"@type":"ReadAction","target":["https:\/\/budapest100.hu\/en\/event\/100-perces-seta-a-kammermayer-karoly-tertol-a-phonix-hazig-konig-tamas-vezetesevel\/"]}]},{"@type":"WebSite","@id":"https:\/\/budapest100.hu\/en\/#website","url":"https:\/\/budapest100.hu\/en\/","name":"Budapest100","description":"Nyitott házak hétvégéje","potentialAction":[{"@type":"SearchAction","target":{"@type":"EntryPoint","urlTemplate":"https:\/\/budapest100.hu\/en\/?s={search_term_string}"},"query-input":{"@type":"PropertyValueSpecification","valueRequired":true,"valueName":"search_term_string"}}],"inLanguage":"en-US"}]}</script>
<!-- / Yoast SEO plugin. -->

100 perces séta a Kammermayer Károly tértől a Phőnix házig, Kőnig Tamás vezetésével - Budapest100

Éppen 100 év Budapest első polgármesterének születésétől a Phönix ház megépültéig. &nbsp;

Nyitott házak hétvégéje
