{"id":28176,"date":"2020-09-01T08:01:15","date_gmt":"2020-09-01T06:01:15","guid":{"rendered":"http:\/\/budapest100.hu\/?post_type=event&#038;p=28176"},"modified":"2020-09-15T16:16:34","modified_gmt":"2020-09-15T14:16:34","slug":"epuletbejaras-es-epulettortenet-az-egyik-lako-vezetesevel-kotetlen-beszelgetes-a-hazrol-reg-2","status":"publish","type":"event","link":"https:\/\/budapest100.hu\/en\/event\/epuletbejaras-es-epulettortenet-az-egyik-lako-vezetesevel-kotetlen-beszelgetes-a-hazrol-reg-2\/","title":{"rendered":"\u00c9p\u00fcletbej\u00e1r\u00e1s \u00e9s \u00e9p\u00fclett\u00f6rt\u00e9net az egyik lak\u00f3 vezet\u00e9s\u00e9vel. K\u00f6tetlen besz\u00e9lget\u00e9s a h\u00e1zr\u00f3l [*REG]"},"content":{"rendered":"<p><strong>Regisztr\u00e1ci\u00f3 a kiv\u00e1lasztott id\u0151pont megjel\u00f6l\u00e9s\u00e9vel<\/strong>: <a href=\"mailto:visegradi29reg@gmail.com\">visegradi29reg@gmail.com<\/a> (max. 30 f\u0151\/s\u00e9ta, max 2 f\u0151\/email)<\/p>\n<p><em>A regisztr\u00e1ci\u00f3kat a programot megel\u0151z\u0151 napon este 22.00-kor lez\u00e1rjuk. K\u00e9r\u00fcnk mindenkit, hogy a program kezdete el\u0151tt 10 perccel (azaz 9:50-kor \u00e9s 10:20-kor) legk\u00e9s\u0151bb legyen az emailben kapott tal\u00e1lkoz\u00e1si ponton, ahonnan egy\u00fctt s\u00e9t\u00e1lunk el az \u00e9p\u00fclethez. A k\u00e9sve \u00e9rkez\u0151ket sajnos nincs m\u00f3dunkban beengedni. F\u00e9nyk\u00e9pezni term\u00e9szetesen lehet.<\/em><\/p>\n<p>&nbsp;<\/p>\n","protected":false},"excerpt":{"rendered":"<p>Regisztr\u00e1ci\u00f3 a kiv\u00e1lasztott id\u0151pont megjel\u00f6l\u00e9s\u00e9vel: visegradi29reg@gmail.com (max. 30 f\u0151\/s\u00e9ta, max 2 f\u0151\/email) A regisztr\u00e1ci\u00f3kat a programot megel\u0151z\u0151 napon este 22.00-kor lez\u00e1rjuk. K\u00e9r\u00fcnk mindenkit, hogy a program kezdete el\u0151tt 10 perccel (azaz 9:50-kor \u00e9s 10:20-kor) legk\u00e9s\u0151bb legyen az emailben kapott tal\u00e1lkoz\u00e1si ponton, ahonnan egy\u00fctt s\u00e9t\u00e1lunk el az \u00e9p\u00fclethez. A k\u00e9sve \u00e9rkez\u0151ket sajnos nincs m\u00f3dunkban beengedni. F\u00e9nyk\u00e9pezni [&hellip;]<\/p>\n","protected":false},"author":19,"featured_media":0,"menu_order":0,"template":"","meta":{"_acf_changed":false,"footnotes":""},"class_list":["post-28176","event","type-event","status-publish","hentry"],"acf":[],"yoast_head":"<!-- This site is optimized with the Yoast SEO plugin v27.4 - https:\/\/yoast.com\/product\/yoast-seo-wordpress\/ -->\n<title>\u00c9p\u00fcletbej\u00e1r\u00e1s \u00e9s \u00e9p\u00fclett\u00f6rt\u00e9net az egyik lak\u00f3 vezet\u00e9s\u00e9vel. K\u00f6tetlen besz\u00e9lget\u00e9s a h\u00e1zr\u00f3l [*REG] - Budapest100<\/title>\n<meta name=\"robots\" content=\"index, follow, max-snippet:-1, max-image-preview:large, max-video-preview:-1\" \/>\n<link rel=\"canonical\" href=\"https:\/\/budapest100.hu\/en\/event\/epuletbejaras-es-epulettortenet-az-egyik-lako-vezetesevel-kotetlen-beszelgetes-a-hazrol-reg-2\/\" \/>\n<meta property=\"og:locale\" content=\"en_US\" \/>\n<meta property=\"og:type\" content=\"article\" \/>\n<meta property=\"og:title\" content=\"\u00c9p\u00fcletbej\u00e1r\u00e1s \u00e9s \u00e9p\u00fclett\u00f6rt\u00e9net az egyik lak\u00f3 vezet\u00e9s\u00e9vel. K\u00f6tetlen besz\u00e9lget\u00e9s a h\u00e1zr\u00f3l [*REG] - Budapest100\" \/>\n<meta property=\"og:description\" content=\"Regisztr\u00e1ci\u00f3 a kiv\u00e1lasztott id\u0151pont megjel\u00f6l\u00e9s\u00e9vel: visegradi29reg@gmail.com (max. 30 f\u0151\/s\u00e9ta, max 2 f\u0151\/email) A regisztr\u00e1ci\u00f3kat a programot megel\u0151z\u0151 napon este 22.00-kor lez\u00e1rjuk. K\u00e9r\u00fcnk mindenkit, hogy a program kezdete el\u0151tt 10 perccel (azaz 9:50-kor \u00e9s 10:20-kor) legk\u00e9s\u0151bb legyen az emailben kapott tal\u00e1lkoz\u00e1si ponton, ahonnan egy\u00fctt s\u00e9t\u00e1lunk el az \u00e9p\u00fclethez. A k\u00e9sve \u00e9rkez\u0151ket sajnos nincs m\u00f3dunkban beengedni. F\u00e9nyk\u00e9pezni [&hellip;]\" \/>\n<meta property=\"og:url\" content=\"https:\/\/budapest100.hu\/en\/event\/epuletbejaras-es-epulettortenet-az-egyik-lako-vezetesevel-kotetlen-beszelgetes-a-hazrol-reg-2\/\" \/>\n<meta property=\"og:site_name\" content=\"Budapest100\" \/>\n<meta property=\"article:modified_time\" content=\"2020-09-15T14:16:34+00:00\" \/>\n<meta name=\"twitter:card\" content=\"summary_large_image\" \/>\n<script type=\"application\/ld+json\" class=\"yoast-schema-graph\">{\"@context\":\"https:\\\/\\\/schema.org\",\"@graph\":[{\"@type\":\"WebPage\",\"@id\":\"https:\\\/\\\/budapest100.hu\\\/en\\\/event\\\/epuletbejaras-es-epulettortenet-az-egyik-lako-vezetesevel-kotetlen-beszelgetes-a-hazrol-reg-2\\\/\",\"url\":\"https:\\\/\\\/budapest100.hu\\\/en\\\/event\\\/epuletbejaras-es-epulettortenet-az-egyik-lako-vezetesevel-kotetlen-beszelgetes-a-hazrol-reg-2\\\/\",\"name\":\"\u00c9p\u00fcletbej\u00e1r\u00e1s \u00e9s \u00e9p\u00fclett\u00f6rt\u00e9net az egyik lak\u00f3 vezet\u00e9s\u00e9vel. K\u00f6tetlen besz\u00e9lget\u00e9s a h\u00e1zr\u00f3l [*REG] - Budapest100\",\"isPartOf\":{\"@id\":\"https:\\\/\\\/budapest100.hu\\\/en\\\/#website\"},\"datePublished\":\"2020-09-01T06:01:15+00:00\",\"dateModified\":\"2020-09-15T14:16:34+00:00\",\"inLanguage\":\"en-US\",\"potentialAction\":[{\"@type\":\"ReadAction\",\"target\":[\"https:\\\/\\\/budapest100.hu\\\/en\\\/event\\\/epuletbejaras-es-epulettortenet-az-egyik-lako-vezetesevel-kotetlen-beszelgetes-a-hazrol-reg-2\\\/\"]}]},{\"@type\":\"WebSite\",\"@id\":\"https:\\\/\\\/budapest100.hu\\\/en\\\/#website\",\"url\":\"https:\\\/\\\/budapest100.hu\\\/en\\\/\",\"name\":\"Budapest100\",\"description\":\"Nyitott h\u00e1zak h\u00e9tv\u00e9g\u00e9je\",\"potentialAction\":[{\"@type\":\"SearchAction\",\"target\":{\"@type\":\"EntryPoint\",\"urlTemplate\":\"https:\\\/\\\/budapest100.hu\\\/en\\\/?s={search_term_string}\"},\"query-input\":{\"@type\":\"PropertyValueSpecification\",\"valueRequired\":true,\"valueName\":\"search_term_string\"}}],\"inLanguage\":\"en-US\"}]}<\/script>\n<!-- \/ Yoast SEO plugin. -->","yoast_head_json":{"title":"\u00c9p\u00fcletbej\u00e1r\u00e1s \u00e9s \u00e9p\u00fclett\u00f6rt\u00e9net az egyik lak\u00f3 vezet\u00e9s\u00e9vel. K\u00f6tetlen besz\u00e9lget\u00e9s a h\u00e1zr\u00f3l [*REG] - Budapest100","robots":{"index":"index","follow":"follow","max-snippet":"max-snippet:-1","max-image-preview":"max-image-preview:large","max-video-preview":"max-video-preview:-1"},"canonical":"https:\/\/budapest100.hu\/en\/event\/epuletbejaras-es-epulettortenet-az-egyik-lako-vezetesevel-kotetlen-beszelgetes-a-hazrol-reg-2\/","og_locale":"en_US","og_type":"article","og_title":"\u00c9p\u00fcletbej\u00e1r\u00e1s \u00e9s \u00e9p\u00fclett\u00f6rt\u00e9net az egyik lak\u00f3 vezet\u00e9s\u00e9vel. K\u00f6tetlen besz\u00e9lget\u00e9s a h\u00e1zr\u00f3l [*REG] - Budapest100","og_description":"Regisztr\u00e1ci\u00f3 a kiv\u00e1lasztott id\u0151pont megjel\u00f6l\u00e9s\u00e9vel: visegradi29reg@gmail.com (max. 30 f\u0151\/s\u00e9ta, max 2 f\u0151\/email) A regisztr\u00e1ci\u00f3kat a programot megel\u0151z\u0151 napon este 22.00-kor lez\u00e1rjuk. K\u00e9r\u00fcnk mindenkit, hogy a program kezdete el\u0151tt 10 perccel (azaz 9:50-kor \u00e9s 10:20-kor) legk\u00e9s\u0151bb legyen az emailben kapott tal\u00e1lkoz\u00e1si ponton, ahonnan egy\u00fctt s\u00e9t\u00e1lunk el az \u00e9p\u00fclethez. A k\u00e9sve \u00e9rkez\u0151ket sajnos nincs m\u00f3dunkban beengedni. F\u00e9nyk\u00e9pezni [&hellip;]","og_url":"https:\/\/budapest100.hu\/en\/event\/epuletbejaras-es-epulettortenet-az-egyik-lako-vezetesevel-kotetlen-beszelgetes-a-hazrol-reg-2\/","og_site_name":"Budapest100","article_modified_time":"2020-09-15T14:16:34+00:00","twitter_card":"summary_large_image","schema":{"@context":"https:\/\/schema.org","@graph":[{"@type":"WebPage","@id":"https:\/\/budapest100.hu\/en\/event\/epuletbejaras-es-epulettortenet-az-egyik-lako-vezetesevel-kotetlen-beszelgetes-a-hazrol-reg-2\/","url":"https:\/\/budapest100.hu\/en\/event\/epuletbejaras-es-epulettortenet-az-egyik-lako-vezetesevel-kotetlen-beszelgetes-a-hazrol-reg-2\/","name":"\u00c9p\u00fcletbej\u00e1r\u00e1s \u00e9s \u00e9p\u00fclett\u00f6rt\u00e9net az egyik lak\u00f3 vezet\u00e9s\u00e9vel. K\u00f6tetlen besz\u00e9lget\u00e9s a h\u00e1zr\u00f3l [*REG] - Budapest100","isPartOf":{"@id":"https:\/\/budapest100.hu\/en\/#website"},"datePublished":"2020-09-01T06:01:15+00:00","dateModified":"2020-09-15T14:16:34+00:00","inLanguage":"en-US","potentialAction":[{"@type":"ReadAction","target":["https:\/\/budapest100.hu\/en\/event\/epuletbejaras-es-epulettortenet-az-egyik-lako-vezetesevel-kotetlen-beszelgetes-a-hazrol-reg-2\/"]}]},{"@type":"WebSite","@id":"https:\/\/budapest100.hu\/en\/#website","url":"https:\/\/budapest100.hu\/en\/","name":"Budapest100","description":"Nyitott h\u00e1zak h\u00e9tv\u00e9g\u00e9je","potentialAction":[{"@type":"SearchAction","target":{"@type":"EntryPoint","urlTemplate":"https:\/\/budapest100.hu\/en\/?s={search_term_string}"},"query-input":{"@type":"PropertyValueSpecification","valueRequired":true,"valueName":"search_term_string"}}],"inLanguage":"en-US"}]}},"_links":{"self":[{"href":"https:\/\/budapest100.hu\/en\/wp-json\/wp\/v2\/event\/28176","targetHints":{"allow":["GET"]}}],"collection":[{"href":"https:\/\/budapest100.hu\/en\/wp-json\/wp\/v2\/event"}],"about":[{"href":"https:\/\/budapest100.hu\/en\/wp-json\/wp\/v2\/types\/event"}],"author":[{"embeddable":true,"href":"https:\/\/budapest100.hu\/en\/wp-json\/wp\/v2\/users\/19"}],"version-history":[{"count":0,"href":"https:\/\/budapest100.hu\/en\/wp-json\/wp\/v2\/event\/28176\/revisions"}],"wp:attachment":[{"href":"https:\/\/budapest100.hu\/en\/wp-json\/wp\/v2\/media?parent=28176"}],"curies":[{"name":"wp","href":"https:\/\/api.w.org\/{rel}","templated":true}]}}

Épületbejárás és épülettörténet az egyik lakó vezetésével. Kötetlen beszélgetés a házról [*REG]

<p><strong>Regisztráció a kiválasztott időpont megjelölésével</strong>: <a href="mailto:visegradi29reg@gmail.com">visegradi29reg@gmail.com</a> (max. 30 fő/séta, max 2 fő/email)</p>
<p><em>A regisztrációkat a programot megelőző napon este 22.00-kor lezárjuk. Kérünk mindenkit, hogy a program kezdete előtt 10 perccel (azaz 9:50-kor és 10:20-kor) legkésőbb legyen az emailben kapott találkozási ponton, ahonnan együtt sétálunk el az épülethez. A késve érkezőket sajnos nincs módunkban beengedni. Fényképezni természetesen lehet.</em></p>
<p>&nbsp;</p>

<p>Regisztráció a kiválasztott időpont megjelölésével: visegradi29reg@gmail.com (max. 30 fő/séta, max 2 fő/email) A regisztrációkat a programot megelőző napon este 22.00-kor lezárjuk. Kérünk mindenkit, hogy a program kezdete előtt 10 perccel (azaz 9:50-kor és 10:20-kor) legkésőbb legyen az emailben kapott találkozási ponton, ahonnan együtt sétálunk el az épülethez. A késve érkezőket sajnos nincs módunkban beengedni. Fényképezni [&hellip;]</p>

<!-- This site is optimized with the Yoast SEO plugin v27.4 - https://yoast.com/product/yoast-seo-wordpress/ -->
<title>Épületbejárás és épülettörténet az egyik lakó vezetésével. Kötetlen beszélgetés a házról [*REG] - Budapest100</title>
<meta name="robots" content="index, follow, max-snippet:-1, max-image-preview:large, max-video-preview:-1" />
<link rel="canonical" href="https://budapest100.hu/en/event/epuletbejaras-es-epulettortenet-az-egyik-lako-vezetesevel-kotetlen-beszelgetes-a-hazrol-reg-2/" />
<meta property="og:locale" content="en_US" />
<meta property="og:type" content="article" />
<meta property="og:title" content="Épületbejárás és épülettörténet az egyik lakó vezetésével. Kötetlen beszélgetés a házról [*REG] - Budapest100" />
<meta property="og:description" content="Regisztráció a kiválasztott időpont megjelölésével: visegradi29reg@gmail.com (max. 30 fő/séta, max 2 fő/email) A regisztrációkat a programot megelőző napon este 22.00-kor lezárjuk. Kérünk mindenkit, hogy a program kezdete előtt 10 perccel (azaz 9:50-kor és 10:20-kor) legkésőbb legyen az emailben kapott találkozási ponton, ahonnan együtt sétálunk el az épülethez. A késve érkezőket sajnos nincs módunkban beengedni. Fényképezni [&hellip;]" />
<meta property="og:url" content="https://budapest100.hu/en/event/epuletbejaras-es-epulettortenet-az-egyik-lako-vezetesevel-kotetlen-beszelgetes-a-hazrol-reg-2/" />
<meta property="og:site_name" content="Budapest100" />
<meta property="article:modified_time" content="2020-09-15T14:16:34+00:00" />
<meta name="twitter:card" content="summary_large_image" />
<script type="application/ld+json" class="yoast-schema-graph">{"@context":"https:\/\/schema.org","@graph":[{"@type":"WebPage","@id":"https:\/\/budapest100.hu\/en\/event\/epuletbejaras-es-epulettortenet-az-egyik-lako-vezetesevel-kotetlen-beszelgetes-a-hazrol-reg-2\/","url":"https:\/\/budapest100.hu\/en\/event\/epuletbejaras-es-epulettortenet-az-egyik-lako-vezetesevel-kotetlen-beszelgetes-a-hazrol-reg-2\/","name":"Épületbejárás és épülettörténet az egyik lakó vezetésével. Kötetlen beszélgetés a házról [*REG] - Budapest100","isPartOf":{"@id":"https:\/\/budapest100.hu\/en\/#website"},"datePublished":"2020-09-01T06:01:15+00:00","dateModified":"2020-09-15T14:16:34+00:00","inLanguage":"en-US","potentialAction":[{"@type":"ReadAction","target":["https:\/\/budapest100.hu\/en\/event\/epuletbejaras-es-epulettortenet-az-egyik-lako-vezetesevel-kotetlen-beszelgetes-a-hazrol-reg-2\/"]}]},{"@type":"WebSite","@id":"https:\/\/budapest100.hu\/en\/#website","url":"https:\/\/budapest100.hu\/en\/","name":"Budapest100","description":"Nyitott házak hétvégéje","potentialAction":[{"@type":"SearchAction","target":{"@type":"EntryPoint","urlTemplate":"https:\/\/budapest100.hu\/en\/?s={search_term_string}"},"query-input":{"@type":"PropertyValueSpecification","valueRequired":true,"valueName":"search_term_string"}}],"inLanguage":"en-US"}]}</script>
<!-- / Yoast SEO plugin. -->

Épületbejárás és épülettörténet az egyik lakó vezetésével. Kötetlen beszélgetés a házról [*REG] - Budapest100

Regisztráció a kiválasztott időpont megjelölésével: visegradi29reg@gmail.com (max. 30 fő/séta, max 2 fő/email) A regisztrációkat a programot megelőző napon este 22.00-kor lezárjuk. Kérünk mindenkit, hogy a program kezdete előtt 10 perccel (azaz 9:50-kor és 10:20-kor) legkésőbb legyen az emailben kapott találkozási ponton, ahonnan együtt sétálunk el az épülethez. A késve érkezőket sajnos nincs módunkban beengedni. Fényképezni [&hellip;]

Nyitott házak hétvégéje
