{"id":35009,"date":"2022-05-10T17:59:49","date_gmt":"2022-05-10T15:59:49","guid":{"rendered":"http:\/\/budapest100.hu\/?post_type=event&#038;p=35009"},"modified":"2022-05-10T17:59:49","modified_gmt":"2022-05-10T15:59:49","slug":"sari-edina-irono-reszletek-az-lenne-jo-cimu-retromeseibol-koltai-judit-szineszno-eloadasaban","status":"publish","type":"event","link":"https:\/\/budapest100.hu\/en\/event\/sari-edina-irono-reszletek-az-lenne-jo-cimu-retromeseibol-koltai-judit-szineszno-eloadasaban\/","title":{"rendered":"S\u00e1ri Edina \u00edr\u00f3n\u0151, r\u00e9szletek  -Az lenne j\u00f3- c\u00edm\u0171 retromes\u00e9ib\u0151l, Koltai Judit sz\u00edn\u00e9szn\u0151 el\u0151ad\u00e1s\u00e1ban"},"content":{"rendered":"<p style=\"font-weight: 400;\"><strong>S\u00e1ri Edina<\/strong>\u00a0<em>Az lenne j\u00f3<\/em>\u00a0egymondatos retromes\u00e9i el\u0151hozz\u00e1k a r\u00e9gvoltat az egykorvolt gyerekb\u0151l, bel\u0151led \u00e9s bel\u0151lem, nem, nem is kell t\u00f6bb, csak egy sz\u00f3, egy szikra, \u00e9s m\u00e1ris a r\u00e9gi oszt\u00e1lyteremben \u00fcl\u00fcnk, \u00e9s m\u00e1ris a nagymam\u00e1n\u00e1l nyaralunk, \u00e9s m\u00e1ris szerelmesek vagyunk a szomsz\u00e9d fi\u00faba, \u00e9s m\u00e1ris a nagypapa hajtja a hint\u00e1nkat, olyan magasra, hogy a l\u00e1bujjunk hegye \u00e9pp az \u00e9gig \u00e9r, amir\u0151l nem is hissz\u00fck el, hogy v\u00e9gtelen, \u00e9s nem \u00e9rtj\u00fck, a felh\u0151k mi\u00e9rt nem esnek le r\u00f3la, ki tartja meg \u0151ket, ki, tal\u00e1n az eml\u00e9kezet m\u00e9lys\u00e9ges m\u00e9ly k\u00fatja, amib\u0151l most felmer\u00fcl a m\u00e1r-m\u00e1r elfeledett var\u00e1zslatos \u00e9s \u00e1rtatlan, otthonos gyermekkor eml\u00e9ke.<\/p>\n<p><em style=\"font-weight: 400;\">Az lenne j\u00f3<\/em><span style=\"font-weight: 400;\">\u00a0kisl\u00e1ny magyar hangja:\u00a0<strong>Koltai Judit<\/strong>, a Holdvil\u00e1g Kamarasz\u00ednh\u00e1z alap\u00edt\u00f3-m\u0171v\u00e9szeti vezet\u0151je<\/span><\/p>\n","protected":false},"excerpt":{"rendered":"<p>S\u00e1ri Edina\u00a0Az lenne j\u00f3\u00a0egymondatos retromes\u00e9i el\u0151hozz\u00e1k a r\u00e9gvoltat az egykorvolt gyerekb\u0151l, bel\u0151led \u00e9s bel\u0151lem, nem, nem is kell t\u00f6bb, csak egy sz\u00f3, egy szikra, \u00e9s m\u00e1ris a r\u00e9gi oszt\u00e1lyteremben \u00fcl\u00fcnk, \u00e9s m\u00e1ris a nagymam\u00e1n\u00e1l nyaralunk, \u00e9s m\u00e1ris szerelmesek vagyunk a szomsz\u00e9d fi\u00faba, \u00e9s m\u00e1ris a nagypapa hajtja a hint\u00e1nkat, olyan magasra, hogy a l\u00e1bujjunk hegye [&hellip;]<\/p>\n","protected":false},"author":17,"featured_media":0,"menu_order":0,"template":"","meta":{"_acf_changed":false,"footnotes":""},"class_list":["post-35009","event","type-event","status-publish","hentry"],"acf":[],"yoast_head":"<!-- This site is optimized with the Yoast SEO plugin v27.4 - https:\/\/yoast.com\/product\/yoast-seo-wordpress\/ -->\n<title>S\u00e1ri Edina \u00edr\u00f3n\u0151, r\u00e9szletek -Az lenne j\u00f3- c\u00edm\u0171 retromes\u00e9ib\u0151l, Koltai Judit sz\u00edn\u00e9szn\u0151 el\u0151ad\u00e1s\u00e1ban - Budapest100<\/title>\n<meta name=\"robots\" content=\"index, follow, max-snippet:-1, max-image-preview:large, max-video-preview:-1\" \/>\n<link rel=\"canonical\" href=\"https:\/\/budapest100.hu\/en\/event\/sari-edina-irono-reszletek-az-lenne-jo-cimu-retromeseibol-koltai-judit-szineszno-eloadasaban\/\" \/>\n<meta property=\"og:locale\" content=\"en_US\" \/>\n<meta property=\"og:type\" content=\"article\" \/>\n<meta property=\"og:title\" content=\"S\u00e1ri Edina \u00edr\u00f3n\u0151, r\u00e9szletek -Az lenne j\u00f3- c\u00edm\u0171 retromes\u00e9ib\u0151l, Koltai Judit sz\u00edn\u00e9szn\u0151 el\u0151ad\u00e1s\u00e1ban - Budapest100\" \/>\n<meta property=\"og:description\" content=\"S\u00e1ri Edina\u00a0Az lenne j\u00f3\u00a0egymondatos retromes\u00e9i el\u0151hozz\u00e1k a r\u00e9gvoltat az egykorvolt gyerekb\u0151l, bel\u0151led \u00e9s bel\u0151lem, nem, nem is kell t\u00f6bb, csak egy sz\u00f3, egy szikra, \u00e9s m\u00e1ris a r\u00e9gi oszt\u00e1lyteremben \u00fcl\u00fcnk, \u00e9s m\u00e1ris a nagymam\u00e1n\u00e1l nyaralunk, \u00e9s m\u00e1ris szerelmesek vagyunk a szomsz\u00e9d fi\u00faba, \u00e9s m\u00e1ris a nagypapa hajtja a hint\u00e1nkat, olyan magasra, hogy a l\u00e1bujjunk hegye [&hellip;]\" \/>\n<meta property=\"og:url\" content=\"https:\/\/budapest100.hu\/en\/event\/sari-edina-irono-reszletek-az-lenne-jo-cimu-retromeseibol-koltai-judit-szineszno-eloadasaban\/\" \/>\n<meta property=\"og:site_name\" content=\"Budapest100\" \/>\n<meta name=\"twitter:card\" content=\"summary_large_image\" \/>\n<meta name=\"twitter:label1\" content=\"Est. reading time\" \/>\n\t<meta name=\"twitter:data1\" content=\"1 minute\" \/>\n<script type=\"application\/ld+json\" class=\"yoast-schema-graph\">{\"@context\":\"https:\\\/\\\/schema.org\",\"@graph\":[{\"@type\":\"WebPage\",\"@id\":\"https:\\\/\\\/budapest100.hu\\\/en\\\/event\\\/sari-edina-irono-reszletek-az-lenne-jo-cimu-retromeseibol-koltai-judit-szineszno-eloadasaban\\\/\",\"url\":\"https:\\\/\\\/budapest100.hu\\\/en\\\/event\\\/sari-edina-irono-reszletek-az-lenne-jo-cimu-retromeseibol-koltai-judit-szineszno-eloadasaban\\\/\",\"name\":\"S\u00e1ri Edina \u00edr\u00f3n\u0151, r\u00e9szletek -Az lenne j\u00f3- c\u00edm\u0171 retromes\u00e9ib\u0151l, Koltai Judit sz\u00edn\u00e9szn\u0151 el\u0151ad\u00e1s\u00e1ban - Budapest100\",\"isPartOf\":{\"@id\":\"https:\\\/\\\/budapest100.hu\\\/en\\\/#website\"},\"datePublished\":\"2022-05-10T15:59:49+00:00\",\"inLanguage\":\"en-US\",\"potentialAction\":[{\"@type\":\"ReadAction\",\"target\":[\"https:\\\/\\\/budapest100.hu\\\/en\\\/event\\\/sari-edina-irono-reszletek-az-lenne-jo-cimu-retromeseibol-koltai-judit-szineszno-eloadasaban\\\/\"]}]},{\"@type\":\"WebSite\",\"@id\":\"https:\\\/\\\/budapest100.hu\\\/en\\\/#website\",\"url\":\"https:\\\/\\\/budapest100.hu\\\/en\\\/\",\"name\":\"Budapest100\",\"description\":\"Nyitott h\u00e1zak h\u00e9tv\u00e9g\u00e9je\",\"potentialAction\":[{\"@type\":\"SearchAction\",\"target\":{\"@type\":\"EntryPoint\",\"urlTemplate\":\"https:\\\/\\\/budapest100.hu\\\/en\\\/?s={search_term_string}\"},\"query-input\":{\"@type\":\"PropertyValueSpecification\",\"valueRequired\":true,\"valueName\":\"search_term_string\"}}],\"inLanguage\":\"en-US\"}]}<\/script>\n<!-- \/ Yoast SEO plugin. -->","yoast_head_json":{"title":"S\u00e1ri Edina \u00edr\u00f3n\u0151, r\u00e9szletek -Az lenne j\u00f3- c\u00edm\u0171 retromes\u00e9ib\u0151l, Koltai Judit sz\u00edn\u00e9szn\u0151 el\u0151ad\u00e1s\u00e1ban - Budapest100","robots":{"index":"index","follow":"follow","max-snippet":"max-snippet:-1","max-image-preview":"max-image-preview:large","max-video-preview":"max-video-preview:-1"},"canonical":"https:\/\/budapest100.hu\/en\/event\/sari-edina-irono-reszletek-az-lenne-jo-cimu-retromeseibol-koltai-judit-szineszno-eloadasaban\/","og_locale":"en_US","og_type":"article","og_title":"S\u00e1ri Edina \u00edr\u00f3n\u0151, r\u00e9szletek -Az lenne j\u00f3- c\u00edm\u0171 retromes\u00e9ib\u0151l, Koltai Judit sz\u00edn\u00e9szn\u0151 el\u0151ad\u00e1s\u00e1ban - Budapest100","og_description":"S\u00e1ri Edina\u00a0Az lenne j\u00f3\u00a0egymondatos retromes\u00e9i el\u0151hozz\u00e1k a r\u00e9gvoltat az egykorvolt gyerekb\u0151l, bel\u0151led \u00e9s bel\u0151lem, nem, nem is kell t\u00f6bb, csak egy sz\u00f3, egy szikra, \u00e9s m\u00e1ris a r\u00e9gi oszt\u00e1lyteremben \u00fcl\u00fcnk, \u00e9s m\u00e1ris a nagymam\u00e1n\u00e1l nyaralunk, \u00e9s m\u00e1ris szerelmesek vagyunk a szomsz\u00e9d fi\u00faba, \u00e9s m\u00e1ris a nagypapa hajtja a hint\u00e1nkat, olyan magasra, hogy a l\u00e1bujjunk hegye [&hellip;]","og_url":"https:\/\/budapest100.hu\/en\/event\/sari-edina-irono-reszletek-az-lenne-jo-cimu-retromeseibol-koltai-judit-szineszno-eloadasaban\/","og_site_name":"Budapest100","twitter_card":"summary_large_image","twitter_misc":{"Est. reading time":"1 minute"},"schema":{"@context":"https:\/\/schema.org","@graph":[{"@type":"WebPage","@id":"https:\/\/budapest100.hu\/en\/event\/sari-edina-irono-reszletek-az-lenne-jo-cimu-retromeseibol-koltai-judit-szineszno-eloadasaban\/","url":"https:\/\/budapest100.hu\/en\/event\/sari-edina-irono-reszletek-az-lenne-jo-cimu-retromeseibol-koltai-judit-szineszno-eloadasaban\/","name":"S\u00e1ri Edina \u00edr\u00f3n\u0151, r\u00e9szletek -Az lenne j\u00f3- c\u00edm\u0171 retromes\u00e9ib\u0151l, Koltai Judit sz\u00edn\u00e9szn\u0151 el\u0151ad\u00e1s\u00e1ban - Budapest100","isPartOf":{"@id":"https:\/\/budapest100.hu\/en\/#website"},"datePublished":"2022-05-10T15:59:49+00:00","inLanguage":"en-US","potentialAction":[{"@type":"ReadAction","target":["https:\/\/budapest100.hu\/en\/event\/sari-edina-irono-reszletek-az-lenne-jo-cimu-retromeseibol-koltai-judit-szineszno-eloadasaban\/"]}]},{"@type":"WebSite","@id":"https:\/\/budapest100.hu\/en\/#website","url":"https:\/\/budapest100.hu\/en\/","name":"Budapest100","description":"Nyitott h\u00e1zak h\u00e9tv\u00e9g\u00e9je","potentialAction":[{"@type":"SearchAction","target":{"@type":"EntryPoint","urlTemplate":"https:\/\/budapest100.hu\/en\/?s={search_term_string}"},"query-input":{"@type":"PropertyValueSpecification","valueRequired":true,"valueName":"search_term_string"}}],"inLanguage":"en-US"}]}},"_links":{"self":[{"href":"https:\/\/budapest100.hu\/en\/wp-json\/wp\/v2\/event\/35009","targetHints":{"allow":["GET"]}}],"collection":[{"href":"https:\/\/budapest100.hu\/en\/wp-json\/wp\/v2\/event"}],"about":[{"href":"https:\/\/budapest100.hu\/en\/wp-json\/wp\/v2\/types\/event"}],"author":[{"embeddable":true,"href":"https:\/\/budapest100.hu\/en\/wp-json\/wp\/v2\/users\/17"}],"version-history":[{"count":0,"href":"https:\/\/budapest100.hu\/en\/wp-json\/wp\/v2\/event\/35009\/revisions"}],"wp:attachment":[{"href":"https:\/\/budapest100.hu\/en\/wp-json\/wp\/v2\/media?parent=35009"}],"curies":[{"name":"wp","href":"https:\/\/api.w.org\/{rel}","templated":true}]}}

Sári Edina írónő, részletek  -Az lenne jó- című retromeséiből, Koltai Judit színésznő előadásában

<p style="font-weight: 400;"><strong>Sári Edina</strong> <em>Az lenne jó</em> egymondatos retromeséi előhozzák a régvoltat az egykorvolt gyerekből, belőled és belőlem, nem, nem is kell több, csak egy szó, egy szikra, és máris a régi osztályteremben ülünk, és máris a nagymamánál nyaralunk, és máris szerelmesek vagyunk a szomszéd fiúba, és máris a nagypapa hajtja a hintánkat, olyan magasra, hogy a lábujjunk hegye épp az égig ér, amiről nem is hisszük el, hogy végtelen, és nem értjük, a felhők miért nem esnek le róla, ki tartja meg őket, ki, talán az emlékezet mélységes mély kútja, amiből most felmerül a már-már elfeledett varázslatos és ártatlan, otthonos gyermekkor emléke.</p>
<p><em style="font-weight: 400;">Az lenne jó</em><span style="font-weight: 400;"> kislány magyar hangja: <strong>Koltai Judit</strong>, a Holdvilág Kamaraszínház alapító-művészeti vezetője</span></p>

<p>Sári Edina Az lenne jó egymondatos retromeséi előhozzák a régvoltat az egykorvolt gyerekből, belőled és belőlem, nem, nem is kell több, csak egy szó, egy szikra, és máris a régi osztályteremben ülünk, és máris a nagymamánál nyaralunk, és máris szerelmesek vagyunk a szomszéd fiúba, és máris a nagypapa hajtja a hintánkat, olyan magasra, hogy a lábujjunk hegye [&hellip;]</p>

<!-- This site is optimized with the Yoast SEO plugin v27.4 - https://yoast.com/product/yoast-seo-wordpress/ -->
<title>Sári Edina írónő, részletek -Az lenne jó- című retromeséiből, Koltai Judit színésznő előadásában - Budapest100</title>
<meta name="robots" content="index, follow, max-snippet:-1, max-image-preview:large, max-video-preview:-1" />
<link rel="canonical" href="https://budapest100.hu/en/event/sari-edina-irono-reszletek-az-lenne-jo-cimu-retromeseibol-koltai-judit-szineszno-eloadasaban/" />
<meta property="og:locale" content="en_US" />
<meta property="og:type" content="article" />
<meta property="og:title" content="Sári Edina írónő, részletek -Az lenne jó- című retromeséiből, Koltai Judit színésznő előadásában - Budapest100" />
<meta property="og:description" content="Sári Edina Az lenne jó egymondatos retromeséi előhozzák a régvoltat az egykorvolt gyerekből, belőled és belőlem, nem, nem is kell több, csak egy szó, egy szikra, és máris a régi osztályteremben ülünk, és máris a nagymamánál nyaralunk, és máris szerelmesek vagyunk a szomszéd fiúba, és máris a nagypapa hajtja a hintánkat, olyan magasra, hogy a lábujjunk hegye [&hellip;]" />
<meta property="og:url" content="https://budapest100.hu/en/event/sari-edina-irono-reszletek-az-lenne-jo-cimu-retromeseibol-koltai-judit-szineszno-eloadasaban/" />
<meta property="og:site_name" content="Budapest100" />
<meta name="twitter:card" content="summary_large_image" />
<meta name="twitter:label1" content="Est. reading time" />
	<meta name="twitter:data1" content="1 minute" />
<script type="application/ld+json" class="yoast-schema-graph">{"@context":"https:\/\/schema.org","@graph":[{"@type":"WebPage","@id":"https:\/\/budapest100.hu\/en\/event\/sari-edina-irono-reszletek-az-lenne-jo-cimu-retromeseibol-koltai-judit-szineszno-eloadasaban\/","url":"https:\/\/budapest100.hu\/en\/event\/sari-edina-irono-reszletek-az-lenne-jo-cimu-retromeseibol-koltai-judit-szineszno-eloadasaban\/","name":"Sári Edina írónő, részletek -Az lenne jó- című retromeséiből, Koltai Judit színésznő előadásában - Budapest100","isPartOf":{"@id":"https:\/\/budapest100.hu\/en\/#website"},"datePublished":"2022-05-10T15:59:49+00:00","inLanguage":"en-US","potentialAction":[{"@type":"ReadAction","target":["https:\/\/budapest100.hu\/en\/event\/sari-edina-irono-reszletek-az-lenne-jo-cimu-retromeseibol-koltai-judit-szineszno-eloadasaban\/"]}]},{"@type":"WebSite","@id":"https:\/\/budapest100.hu\/en\/#website","url":"https:\/\/budapest100.hu\/en\/","name":"Budapest100","description":"Nyitott házak hétvégéje","potentialAction":[{"@type":"SearchAction","target":{"@type":"EntryPoint","urlTemplate":"https:\/\/budapest100.hu\/en\/?s={search_term_string}"},"query-input":{"@type":"PropertyValueSpecification","valueRequired":true,"valueName":"search_term_string"}}],"inLanguage":"en-US"}]}</script>
<!-- / Yoast SEO plugin. -->

Sári Edina írónő, részletek -Az lenne jó- című retromeséiből, Koltai Judit színésznő előadásában - Budapest100

Sári Edina Az lenne jó egymondatos retromeséi előhozzák a régvoltat az egykorvolt gyerekből, belőled és belőlem, nem, nem is kell több, csak egy szó, egy szikra, és máris a régi osztályteremben ülünk, és máris a nagymamánál nyaralunk, és máris szerelmesek vagyunk a szomszéd fiúba, és máris a nagypapa hajtja a hintánkat, olyan magasra, hogy a lábujjunk hegye [&hellip;]

Nyitott házak hétvégéje
