{"id":20331,"date":"2018-12-16T17:02:38","date_gmt":"2018-12-16T15:02:38","guid":{"rendered":"http:\/\/budapest100.hu\/?post_type=house&#038;p=20331"},"modified":"2023-02-23T17:54:40","modified_gmt":"2023-02-23T15:54:40","slug":"margit-korut-64-b","status":"publish","type":"house","link":"https:\/\/budapest100.hu\/en\/house\/margit-korut-64-b\/","title":{"rendered":"Margit k\u00f6r\u00fat 64\/b."},"content":{"rendered":"<p>A Margit k\u00f6r\u00fat 64. sz\u00e1m\u00fa \u00e9p\u00fcletet Nagy Virgil \u00e9p\u00edt\u00e9szm\u00e9rn\u00f6k, egyetemi tan\u00e1r tervezte 1911-12-ben. Az \u00e9p\u00edt\u00e9szeti tervez\u00e9s sor\u00e1n sz\u00e1mos korszer\u0171 elvet szem el\u0151tt tartottak. Az utc\u00e1ra nyitott udvarral el\u00e9rt\u00e9k, hogy ne legyen a h\u00e1zban udvari lak\u00e1s. Ebbe az ir\u00e1nyba csak a kiszolg\u00e1l\u00f3helyis\u00e9gek (konyha, csel\u00e9dszoba) t\u00e1joltak. Az udvar trap\u00e9z alakja benapoz\u00e1s szempontj\u00e1b\u00f3l kedvez\u0151. Az utcai fronton, a legfels\u0151 szinten m\u0171teremlak\u00e1sok \u00e9p\u00fcltek, a h\u00e1z pozit\u00edv sarkain t\u00e9likerteket helyezett el a tervez\u0151. A meg\u00e9p\u00fclt b\u00e9rh\u00e1z a maga idej\u00e9ben sz\u00ednvonalasan kialak\u00edtott lak\u00e1sokat k\u00edn\u00e1lt a tehet\u0151sebb k\u00f6ztisztvisel\u0151k sz\u00e1m\u00e1ra. A h\u00e1bor\u00fas pusztul\u00e1s, illetve az azt k\u00f6vet\u0151 lak\u00e1slev\u00e1laszt\u00e1sok megv\u00e1ltoztatt\u00e1k az eredeti alaprajzot, de sz\u00e1mos r\u00e9szlet (ny\u00edl\u00e1sz\u00e1r\u00f3k, stukk\u00f3) \u0151rzi az eredeti arculatot. Az \u00e9p\u00fclet homlokzata szenvedte el a legt\u00f6bb v\u00e1ltoz\u00e1st. Eredetileg a kor \u00edzl\u00e9s\u00e9nek megfelel\u0151 architectura tagolta a homlokzatokat: a falak s\u00edkj\u00e1b\u00f3l enyh\u00e9n el\u0151reugr\u00f3 egyszer\u0171 tagoz\u00e1s\u00fa oszt\u00f3p\u00e1rk\u00e1nyok, lapos reliefszer\u0171 oszt\u00f3d\u00edszek, liz\u00e9n\u00e1k, a kapuk felett alakos reliefek. A h\u00e1bor\u00faban a dekorat\u00edv k\u00fcls\u0151 d\u00edsz\u00edtm\u00e9nyek elpusztultak, a tet\u0151fel\u00e9p\u00edtm\u00e9ny egy r\u00e9sz\u00e9vel egy\u00fctt. Az utcai front tet\u0151zete az eredetin\u00e9l egyszer\u0171bb form\u00e1ban ker\u00fclt helyre\u00e1ll\u00edt\u00e1sra. A k\u00e9s\u0151bbiek sor\u00e1n a franciaudvar fel\u0151li sz\u00e1rnyakban tet\u0151t\u00e9ri lak\u00e1sok \u00e9p\u00fcltek. Az \u00e9p\u00edtkez\u00e9s r\u00e9sze volt a f\u0151v\u00e1ros 1909-1912 k\u00f6z\u00f6tt megval\u00f3s\u00edtott \u00e9p\u00edt\u00e9si programj\u00e1nak. A program kidolgoz\u00e1sa a korm\u00e1ny \u00e9s a f\u0151v\u00e1ros (B\u00e1rczy Istv\u00e1n polg\u00e1rmester) k\u00f6z\u00f6s munk\u00e1ja, mely l\u00e9trej\u00f6tt\u00e9t a lak\u00e1s- \u00e9s iskolahi\u00e1ny tette sz\u00fcks\u00e9gess\u00e9. A Margit k\u00f6r\u00fati b\u00e9rh\u00e1z a legkeresettebbek k\u00f6z\u00e9 tartozott, 70 lak\u00e1sra t\u00f6bb mint 1000 k\u00e9rv\u00e9ny \u00e9rkezett.<\/p>\n","protected":false},"excerpt":{"rendered":"<p>A Margit k\u00f6r\u00fat 64. sz\u00e1m\u00fa \u00e9p\u00fcletet Nagy Virgil \u00e9p\u00edt\u00e9szm\u00e9rn\u00f6k, egyetemi tan\u00e1r tervezte 1911-12-ben. Az \u00e9p\u00edt\u00e9szeti tervez\u00e9s sor\u00e1n sz\u00e1mos korszer\u0171 elvet szem el\u0151tt tartottak. Az utc\u00e1ra nyitott udvarral el\u00e9rt\u00e9k, hogy ne legyen a h\u00e1zban udvari lak\u00e1s. Ebbe az ir\u00e1nyba csak a kiszolg\u00e1l\u00f3helyis\u00e9gek (konyha, csel\u00e9dszoba) t\u00e1joltak. Az udvar trap\u00e9z alakja benapoz\u00e1s szempontj\u00e1b\u00f3l kedvez\u0151. Az utcai fronton, a [&hellip;]<\/p>\n","protected":false},"author":1,"featured_media":20343,"menu_order":0,"template":"","meta":{"_acf_changed":false,"footnotes":""},"house_category":[],"house_post_tag":[77,80],"class_list":["post-20331","house","type-house","status-publish","has-post-thumbnail","hentry","house_post_tag-77","house_post_tag-80"],"acf":[],"yoast_head":"<!-- This site is optimized with the Yoast SEO plugin v27.4 - https:\/\/yoast.com\/product\/yoast-seo-wordpress\/ -->\n<title>Margit k\u00f6r\u00fat 64\/b. - Budapest100<\/title>\n<meta name=\"robots\" content=\"index, follow, max-snippet:-1, max-image-preview:large, max-video-preview:-1\" \/>\n<link rel=\"canonical\" href=\"https:\/\/budapest100.hu\/en\/house\/margit-korut-64-b\/\" \/>\n<meta property=\"og:locale\" content=\"en_US\" \/>\n<meta property=\"og:type\" content=\"article\" \/>\n<meta property=\"og:title\" content=\"Margit k\u00f6r\u00fat 64\/b. - Budapest100\" \/>\n<meta property=\"og:description\" content=\"A Margit k\u00f6r\u00fat 64. sz\u00e1m\u00fa \u00e9p\u00fcletet Nagy Virgil \u00e9p\u00edt\u00e9szm\u00e9rn\u00f6k, egyetemi tan\u00e1r tervezte 1911-12-ben. Az \u00e9p\u00edt\u00e9szeti tervez\u00e9s sor\u00e1n sz\u00e1mos korszer\u0171 elvet szem el\u0151tt tartottak. Az utc\u00e1ra nyitott udvarral el\u00e9rt\u00e9k, hogy ne legyen a h\u00e1zban udvari lak\u00e1s. Ebbe az ir\u00e1nyba csak a kiszolg\u00e1l\u00f3helyis\u00e9gek (konyha, csel\u00e9dszoba) t\u00e1joltak. Az udvar trap\u00e9z alakja benapoz\u00e1s szempontj\u00e1b\u00f3l kedvez\u0151. Az utcai fronton, a [&hellip;]\" \/>\n<meta property=\"og:url\" content=\"https:\/\/budapest100.hu\/en\/house\/margit-korut-64-b\/\" \/>\n<meta property=\"og:site_name\" content=\"Budapest100\" \/>\n<meta property=\"article:modified_time\" content=\"2023-02-23T15:54:40+00:00\" \/>\n<meta property=\"og:image\" content=\"https:\/\/budapest100.hu\/wp-content\/uploads\/2018\/12\/Margitkrt-64-tamasa-12.jpg\" \/>\n\t<meta property=\"og:image:width\" content=\"4147\" \/>\n\t<meta property=\"og:image:height\" content=\"2765\" \/>\n\t<meta property=\"og:image:type\" content=\"image\/jpeg\" \/>\n<meta name=\"twitter:card\" content=\"summary_large_image\" \/>\n<meta name=\"twitter:label1\" content=\"Est. reading time\" \/>\n\t<meta name=\"twitter:data1\" content=\"2 minutes\" \/>\n<script type=\"application\/ld+json\" class=\"yoast-schema-graph\">{\"@context\":\"https:\\\/\\\/schema.org\",\"@graph\":[{\"@type\":\"WebPage\",\"@id\":\"https:\\\/\\\/budapest100.hu\\\/en\\\/house\\\/margit-korut-64-b\\\/\",\"url\":\"https:\\\/\\\/budapest100.hu\\\/en\\\/house\\\/margit-korut-64-b\\\/\",\"name\":\"Margit k\u00f6r\u00fat 64\\\/b. - Budapest100\",\"isPartOf\":{\"@id\":\"https:\\\/\\\/budapest100.hu\\\/en\\\/#website\"},\"primaryImageOfPage\":{\"@id\":\"https:\\\/\\\/budapest100.hu\\\/en\\\/house\\\/margit-korut-64-b\\\/#primaryimage\"},\"image\":{\"@id\":\"https:\\\/\\\/budapest100.hu\\\/en\\\/house\\\/margit-korut-64-b\\\/#primaryimage\"},\"thumbnailUrl\":\"https:\\\/\\\/budapest100.hu\\\/wp-content\\\/uploads\\\/2018\\\/12\\\/Margitkrt-64-tamasa-12.jpg\",\"datePublished\":\"2018-12-16T15:02:38+00:00\",\"dateModified\":\"2023-02-23T15:54:40+00:00\",\"inLanguage\":\"en-US\",\"potentialAction\":[{\"@type\":\"ReadAction\",\"target\":[\"https:\\\/\\\/budapest100.hu\\\/en\\\/house\\\/margit-korut-64-b\\\/\"]}]},{\"@type\":\"ImageObject\",\"inLanguage\":\"en-US\",\"@id\":\"https:\\\/\\\/budapest100.hu\\\/en\\\/house\\\/margit-korut-64-b\\\/#primaryimage\",\"url\":\"https:\\\/\\\/budapest100.hu\\\/wp-content\\\/uploads\\\/2018\\\/12\\\/Margitkrt-64-tamasa-12.jpg\",\"contentUrl\":\"https:\\\/\\\/budapest100.hu\\\/wp-content\\\/uploads\\\/2018\\\/12\\\/Margitkrt-64-tamasa-12.jpg\",\"width\":4147,\"height\":2765,\"caption\":\"Margit k\u00f6r\u00fat 64\\\/b. Fot\u00f3: Tam\u00e1s \u00c1gota\"},{\"@type\":\"WebSite\",\"@id\":\"https:\\\/\\\/budapest100.hu\\\/en\\\/#website\",\"url\":\"https:\\\/\\\/budapest100.hu\\\/en\\\/\",\"name\":\"Budapest100\",\"description\":\"Nyitott h\u00e1zak h\u00e9tv\u00e9g\u00e9je\",\"potentialAction\":[{\"@type\":\"SearchAction\",\"target\":{\"@type\":\"EntryPoint\",\"urlTemplate\":\"https:\\\/\\\/budapest100.hu\\\/en\\\/?s={search_term_string}\"},\"query-input\":{\"@type\":\"PropertyValueSpecification\",\"valueRequired\":true,\"valueName\":\"search_term_string\"}}],\"inLanguage\":\"en-US\"}]}<\/script>\n<!-- \/ Yoast SEO plugin. -->","yoast_head_json":{"title":"Margit k\u00f6r\u00fat 64\/b. - Budapest100","robots":{"index":"index","follow":"follow","max-snippet":"max-snippet:-1","max-image-preview":"max-image-preview:large","max-video-preview":"max-video-preview:-1"},"canonical":"https:\/\/budapest100.hu\/en\/house\/margit-korut-64-b\/","og_locale":"en_US","og_type":"article","og_title":"Margit k\u00f6r\u00fat 64\/b. - Budapest100","og_description":"A Margit k\u00f6r\u00fat 64. sz\u00e1m\u00fa \u00e9p\u00fcletet Nagy Virgil \u00e9p\u00edt\u00e9szm\u00e9rn\u00f6k, egyetemi tan\u00e1r tervezte 1911-12-ben. Az \u00e9p\u00edt\u00e9szeti tervez\u00e9s sor\u00e1n sz\u00e1mos korszer\u0171 elvet szem el\u0151tt tartottak. Az utc\u00e1ra nyitott udvarral el\u00e9rt\u00e9k, hogy ne legyen a h\u00e1zban udvari lak\u00e1s. Ebbe az ir\u00e1nyba csak a kiszolg\u00e1l\u00f3helyis\u00e9gek (konyha, csel\u00e9dszoba) t\u00e1joltak. Az udvar trap\u00e9z alakja benapoz\u00e1s szempontj\u00e1b\u00f3l kedvez\u0151. Az utcai fronton, a [&hellip;]","og_url":"https:\/\/budapest100.hu\/en\/house\/margit-korut-64-b\/","og_site_name":"Budapest100","article_modified_time":"2023-02-23T15:54:40+00:00","og_image":[{"width":4147,"height":2765,"url":"https:\/\/budapest100.hu\/wp-content\/uploads\/2018\/12\/Margitkrt-64-tamasa-12.jpg","type":"image\/jpeg"}],"twitter_card":"summary_large_image","twitter_misc":{"Est. reading time":"2 minutes"},"schema":{"@context":"https:\/\/schema.org","@graph":[{"@type":"WebPage","@id":"https:\/\/budapest100.hu\/en\/house\/margit-korut-64-b\/","url":"https:\/\/budapest100.hu\/en\/house\/margit-korut-64-b\/","name":"Margit k\u00f6r\u00fat 64\/b. - Budapest100","isPartOf":{"@id":"https:\/\/budapest100.hu\/en\/#website"},"primaryImageOfPage":{"@id":"https:\/\/budapest100.hu\/en\/house\/margit-korut-64-b\/#primaryimage"},"image":{"@id":"https:\/\/budapest100.hu\/en\/house\/margit-korut-64-b\/#primaryimage"},"thumbnailUrl":"https:\/\/budapest100.hu\/wp-content\/uploads\/2018\/12\/Margitkrt-64-tamasa-12.jpg","datePublished":"2018-12-16T15:02:38+00:00","dateModified":"2023-02-23T15:54:40+00:00","inLanguage":"en-US","potentialAction":[{"@type":"ReadAction","target":["https:\/\/budapest100.hu\/en\/house\/margit-korut-64-b\/"]}]},{"@type":"ImageObject","inLanguage":"en-US","@id":"https:\/\/budapest100.hu\/en\/house\/margit-korut-64-b\/#primaryimage","url":"https:\/\/budapest100.hu\/wp-content\/uploads\/2018\/12\/Margitkrt-64-tamasa-12.jpg","contentUrl":"https:\/\/budapest100.hu\/wp-content\/uploads\/2018\/12\/Margitkrt-64-tamasa-12.jpg","width":4147,"height":2765,"caption":"Margit k\u00f6r\u00fat 64\/b. Fot\u00f3: Tam\u00e1s \u00c1gota"},{"@type":"WebSite","@id":"https:\/\/budapest100.hu\/en\/#website","url":"https:\/\/budapest100.hu\/en\/","name":"Budapest100","description":"Nyitott h\u00e1zak h\u00e9tv\u00e9g\u00e9je","potentialAction":[{"@type":"SearchAction","target":{"@type":"EntryPoint","urlTemplate":"https:\/\/budapest100.hu\/en\/?s={search_term_string}"},"query-input":{"@type":"PropertyValueSpecification","valueRequired":true,"valueName":"search_term_string"}}],"inLanguage":"en-US"}]}},"_links":{"self":[{"href":"https:\/\/budapest100.hu\/en\/wp-json\/wp\/v2\/house\/20331","targetHints":{"allow":["GET"]}}],"collection":[{"href":"https:\/\/budapest100.hu\/en\/wp-json\/wp\/v2\/house"}],"about":[{"href":"https:\/\/budapest100.hu\/en\/wp-json\/wp\/v2\/types\/house"}],"author":[{"embeddable":true,"href":"https:\/\/budapest100.hu\/en\/wp-json\/wp\/v2\/users\/1"}],"version-history":[{"count":1,"href":"https:\/\/budapest100.hu\/en\/wp-json\/wp\/v2\/house\/20331\/revisions"}],"predecessor-version":[{"id":35658,"href":"https:\/\/budapest100.hu\/en\/wp-json\/wp\/v2\/house\/20331\/revisions\/35658"}],"wp:featuredmedia":[{"embeddable":true,"href":"https:\/\/budapest100.hu\/en\/wp-json\/wp\/v2\/media\/20343"}],"wp:attachment":[{"href":"https:\/\/budapest100.hu\/en\/wp-json\/wp\/v2\/media?parent=20331"}],"wp:term":[{"taxonomy":"house_category","embeddable":true,"href":"https:\/\/budapest100.hu\/en\/wp-json\/wp\/v2\/house_category?post=20331"},{"taxonomy":"house_post_tag","embeddable":true,"href":"https:\/\/budapest100.hu\/en\/wp-json\/wp\/v2\/house_post_tag?post=20331"}],"curies":[{"name":"wp","href":"https:\/\/api.w.org\/{rel}","templated":true}]}}

Margit körút 64/b.

<p>A Margit körút 64. számú épületet Nagy Virgil építészmérnök, egyetemi tanár tervezte 1911-12-ben. Az építészeti tervezés során számos korszerű elvet szem előtt tartottak. Az utcára nyitott udvarral elérték, hogy ne legyen a házban udvari lakás. Ebbe az irányba csak a kiszolgálóhelyiségek (konyha, cselédszoba) tájoltak. Az udvar trapéz alakja benapozás szempontjából kedvező. Az utcai fronton, a legfelső szinten műteremlakások épültek, a ház pozitív sarkain télikerteket helyezett el a tervező. A megépült bérház a maga idejében színvonalasan kialakított lakásokat kínált a tehetősebb köztisztviselők számára. A háborús pusztulás, illetve az azt követő lakásleválasztások megváltoztatták az eredeti alaprajzot, de számos részlet (nyílászárók, stukkó) őrzi az eredeti arculatot. Az épület homlokzata szenvedte el a legtöbb változást. Eredetileg a kor ízlésének megfelelő architectura tagolta a homlokzatokat: a falak síkjából enyhén előreugró egyszerű tagozású osztópárkányok, lapos reliefszerű osztódíszek, lizénák, a kapuk felett alakos reliefek. A háborúban a dekoratív külső díszítmények elpusztultak, a tetőfelépítmény egy részével együtt. Az utcai front tetőzete az eredetinél egyszerűbb formában került helyreállításra. A későbbiek során a franciaudvar felőli szárnyakban tetőtéri lakások épültek. Az építkezés része volt a főváros 1909-1912 között megvalósított építési programjának. A program kidolgozása a kormány és a főváros (Bárczy István polgármester) közös munkája, mely létrejöttét a lakás- és iskolahiány tette szükségessé. A Margit körúti bérház a legkeresettebbek közé tartozott, 70 lakásra több mint 1000 kérvény érkezett.</p>

<p>A Margit körút 64. számú épületet Nagy Virgil építészmérnök, egyetemi tanár tervezte 1911-12-ben. Az építészeti tervezés során számos korszerű elvet szem előtt tartottak. Az utcára nyitott udvarral elérték, hogy ne legyen a házban udvari lakás. Ebbe az irányba csak a kiszolgálóhelyiségek (konyha, cselédszoba) tájoltak. Az udvar trapéz alakja benapozás szempontjából kedvező. Az utcai fronton, a [&hellip;]</p>

<!-- This site is optimized with the Yoast SEO plugin v27.4 - https://yoast.com/product/yoast-seo-wordpress/ -->
<title>Margit körút 64/b. - Budapest100</title>
<meta name="robots" content="index, follow, max-snippet:-1, max-image-preview:large, max-video-preview:-1" />
<link rel="canonical" href="https://budapest100.hu/en/house/margit-korut-64-b/" />
<meta property="og:locale" content="en_US" />
<meta property="og:type" content="article" />
<meta property="og:title" content="Margit körút 64/b. - Budapest100" />
<meta property="og:description" content="A Margit körút 64. számú épületet Nagy Virgil építészmérnök, egyetemi tanár tervezte 1911-12-ben. Az építészeti tervezés során számos korszerű elvet szem előtt tartottak. Az utcára nyitott udvarral elérték, hogy ne legyen a házban udvari lakás. Ebbe az irányba csak a kiszolgálóhelyiségek (konyha, cselédszoba) tájoltak. Az udvar trapéz alakja benapozás szempontjából kedvező. Az utcai fronton, a [&hellip;]" />
<meta property="og:url" content="https://budapest100.hu/en/house/margit-korut-64-b/" />
<meta property="og:site_name" content="Budapest100" />
<meta property="article:modified_time" content="2023-02-23T15:54:40+00:00" />
<meta property="og:image" content="https://budapest100.hu/wp-content/uploads/2018/12/Margitkrt-64-tamasa-12.jpg" />
	<meta property="og:image:width" content="4147" />
	<meta property="og:image:height" content="2765" />
	<meta property="og:image:type" content="image/jpeg" />
<meta name="twitter:card" content="summary_large_image" />
<meta name="twitter:label1" content="Est. reading time" />
	<meta name="twitter:data1" content="2 minutes" />
<script type="application/ld+json" class="yoast-schema-graph">{"@context":"https:\/\/schema.org","@graph":[{"@type":"WebPage","@id":"https:\/\/budapest100.hu\/en\/house\/margit-korut-64-b\/","url":"https:\/\/budapest100.hu\/en\/house\/margit-korut-64-b\/","name":"Margit körút 64\/b. - Budapest100","isPartOf":{"@id":"https:\/\/budapest100.hu\/en\/#website"},"primaryImageOfPage":{"@id":"https:\/\/budapest100.hu\/en\/house\/margit-korut-64-b\/#primaryimage"},"image":{"@id":"https:\/\/budapest100.hu\/en\/house\/margit-korut-64-b\/#primaryimage"},"thumbnailUrl":"https:\/\/budapest100.hu\/wp-content\/uploads\/2018\/12\/Margitkrt-64-tamasa-12.jpg","datePublished":"2018-12-16T15:02:38+00:00","dateModified":"2023-02-23T15:54:40+00:00","inLanguage":"en-US","potentialAction":[{"@type":"ReadAction","target":["https:\/\/budapest100.hu\/en\/house\/margit-korut-64-b\/"]}]},{"@type":"ImageObject","inLanguage":"en-US","@id":"https:\/\/budapest100.hu\/en\/house\/margit-korut-64-b\/#primaryimage","url":"https:\/\/budapest100.hu\/wp-content\/uploads\/2018\/12\/Margitkrt-64-tamasa-12.jpg","contentUrl":"https:\/\/budapest100.hu\/wp-content\/uploads\/2018\/12\/Margitkrt-64-tamasa-12.jpg","width":4147,"height":2765,"caption":"Margit körút 64\/b. Fotó: Tamás Ágota"},{"@type":"WebSite","@id":"https:\/\/budapest100.hu\/en\/#website","url":"https:\/\/budapest100.hu\/en\/","name":"Budapest100","description":"Nyitott házak hétvégéje","potentialAction":[{"@type":"SearchAction","target":{"@type":"EntryPoint","urlTemplate":"https:\/\/budapest100.hu\/en\/?s={search_term_string}"},"query-input":{"@type":"PropertyValueSpecification","valueRequired":true,"valueName":"search_term_string"}}],"inLanguage":"en-US"}]}</script>
<!-- / Yoast SEO plugin. -->

Margit körút 64/b. - Budapest100

A Margit körút 64. számú épületet Nagy Virgil építészmérnök, egyetemi tanár tervezte 1911-12-ben. Az építészeti tervezés során számos korszerű elvet szem előtt tartottak. Az utcára nyitott udvarral elérték, hogy ne legyen a házban udvari lakás. Ebbe az irányba csak a kiszolgálóhelyiségek (konyha, cselédszoba) tájoltak. Az udvar trapéz alakja benapozás szempontjából kedvező. Az utcai fronton, a [&hellip;]

Margit körút 64/b. Fotó: Tamás Ágota

Nyitott házak hétvégéje
