{"id":33336,"date":"2022-04-04T13:05:43","date_gmt":"2022-04-04T11:05:43","guid":{"rendered":"http:\/\/budapest100.hu\/?post_type=house&#038;p=33336"},"modified":"2023-03-25T20:07:00","modified_gmt":"2023-03-25T18:07:00","slug":"uri-utca-64-66","status":"publish","type":"house","link":"https:\/\/budapest100.hu\/en\/house\/uri-utca-64-66\/","title":{"rendered":"\u00dari utca 64-66. [N\u00e9met Nagyk\u00f6vets\u00e9g Budapest]"},"content":{"rendered":"<p>A k\u00e9temeletes eklektikus \u00e9p\u00fclet k\u00fclseje nem \u00e1rulja el, hogy kapualj\u00e1t m\u00e9g ma is a 14. sz\u00e1zadb\u00f3l sz\u00e1rmaz\u00f3 g\u00f3tikus \u00fcl\u0151f\u00fclkesor d\u00edsz\u00edti. A 18. sz\u00e1zad elej\u00e9n a sk\u00f3t benc\u00e9sek \u00e9p\u00edtkeztek itt, a mai \u00e9p\u00fclet b\u00e9rh\u00e1znak \u00e9p\u00fclt 1884-ben. 1938 \u00e9s 1945 k\u00f6z\u00f6tt itt m\u0171k\u00f6d\u00f6tt a n\u00e9met nagyk\u00f6vets\u00e9g. 1953-ban a F\u0151v\u00e1ros ide k\u00f6lt\u00f6ztette \u00fat-h\u00edd-k\u00f6zm\u0171 tervez\u0151 v\u00e1llalat\u00e1t (F\u0150MTI). 1994 \u00f3ta N\u00e9metorsz\u00e1g Nagyk\u00f6vets\u00e9ge tev\u00e9kenykedik \u00fajb\u00f3l az \u00e9p\u00fcletben.<\/p>\n","protected":false},"excerpt":{"rendered":"<p>A k\u00e9temeletes eklektikus \u00e9p\u00fclet k\u00fclseje nem \u00e1rulja el, hogy kapualj\u00e1t m\u00e9g ma is a 14. sz\u00e1zadb\u00f3l sz\u00e1rmaz\u00f3 g\u00f3tikus \u00fcl\u0151f\u00fclkesor d\u00edsz\u00edti. A 18. sz\u00e1zad elej\u00e9n a sk\u00f3t benc\u00e9sek \u00e9p\u00edtkeztek itt, a mai \u00e9p\u00fclet b\u00e9rh\u00e1znak \u00e9p\u00fclt 1884-ben. 1938 \u00e9s 1945 k\u00f6z\u00f6tt itt m\u0171k\u00f6d\u00f6tt a n\u00e9met nagyk\u00f6vets\u00e9g. 1953-ban a F\u0151v\u00e1ros ide k\u00f6lt\u00f6ztette \u00fat-h\u00edd-k\u00f6zm\u0171 tervez\u0151 v\u00e1llalat\u00e1t (F\u0150MTI). 1994 \u00f3ta [&hellip;]<\/p>\n","protected":false},"author":14,"featured_media":34400,"menu_order":0,"template":"","meta":{"_acf_changed":false,"footnotes":""},"house_category":[],"house_post_tag":[88],"class_list":["post-33336","house","type-house","status-publish","has-post-thumbnail","hentry","house_post_tag-88"],"acf":[],"yoast_head":"<!-- This site is optimized with the Yoast SEO plugin v27.4 - https:\/\/yoast.com\/product\/yoast-seo-wordpress\/ -->\n<title>\u00dari utca 64-66. [N\u00e9met Nagyk\u00f6vets\u00e9g Budapest] - Budapest100<\/title>\n<meta name=\"robots\" content=\"index, follow, max-snippet:-1, max-image-preview:large, max-video-preview:-1\" \/>\n<link rel=\"canonical\" href=\"https:\/\/budapest100.hu\/en\/house\/uri-utca-64-66\/\" \/>\n<meta property=\"og:locale\" content=\"en_US\" \/>\n<meta property=\"og:type\" content=\"article\" \/>\n<meta property=\"og:title\" content=\"\u00dari utca 64-66. [N\u00e9met Nagyk\u00f6vets\u00e9g Budapest] - Budapest100\" \/>\n<meta property=\"og:description\" content=\"A k\u00e9temeletes eklektikus \u00e9p\u00fclet k\u00fclseje nem \u00e1rulja el, hogy kapualj\u00e1t m\u00e9g ma is a 14. sz\u00e1zadb\u00f3l sz\u00e1rmaz\u00f3 g\u00f3tikus \u00fcl\u0151f\u00fclkesor d\u00edsz\u00edti. A 18. sz\u00e1zad elej\u00e9n a sk\u00f3t benc\u00e9sek \u00e9p\u00edtkeztek itt, a mai \u00e9p\u00fclet b\u00e9rh\u00e1znak \u00e9p\u00fclt 1884-ben. 1938 \u00e9s 1945 k\u00f6z\u00f6tt itt m\u0171k\u00f6d\u00f6tt a n\u00e9met nagyk\u00f6vets\u00e9g. 1953-ban a F\u0151v\u00e1ros ide k\u00f6lt\u00f6ztette \u00fat-h\u00edd-k\u00f6zm\u0171 tervez\u0151 v\u00e1llalat\u00e1t (F\u0150MTI). 1994 \u00f3ta [&hellip;]\" \/>\n<meta property=\"og:url\" content=\"https:\/\/budapest100.hu\/en\/house\/uri-utca-64-66\/\" \/>\n<meta property=\"og:site_name\" content=\"Budapest100\" \/>\n<meta property=\"article:modified_time\" content=\"2023-03-25T18:07:00+00:00\" \/>\n<meta property=\"og:image\" content=\"https:\/\/budapest100.hu\/wp-content\/uploads\/2022\/04\/Uri_utca_64_66_Polinszky_T_103_resize.jpg\" \/>\n\t<meta property=\"og:image:width\" content=\"1100\" \/>\n\t<meta property=\"og:image:height\" content=\"551\" \/>\n\t<meta property=\"og:image:type\" content=\"image\/jpeg\" \/>\n<meta name=\"twitter:card\" content=\"summary_large_image\" \/>\n<meta name=\"twitter:label1\" content=\"Est. reading time\" \/>\n\t<meta name=\"twitter:data1\" content=\"1 minute\" \/>\n<script type=\"application\/ld+json\" class=\"yoast-schema-graph\">{\"@context\":\"https:\\\/\\\/schema.org\",\"@graph\":[{\"@type\":\"WebPage\",\"@id\":\"https:\\\/\\\/budapest100.hu\\\/en\\\/house\\\/uri-utca-64-66\\\/\",\"url\":\"https:\\\/\\\/budapest100.hu\\\/en\\\/house\\\/uri-utca-64-66\\\/\",\"name\":\"\u00dari utca 64-66. [N\u00e9met Nagyk\u00f6vets\u00e9g Budapest] - Budapest100\",\"isPartOf\":{\"@id\":\"https:\\\/\\\/budapest100.hu\\\/en\\\/#website\"},\"primaryImageOfPage\":{\"@id\":\"https:\\\/\\\/budapest100.hu\\\/en\\\/house\\\/uri-utca-64-66\\\/#primaryimage\"},\"image\":{\"@id\":\"https:\\\/\\\/budapest100.hu\\\/en\\\/house\\\/uri-utca-64-66\\\/#primaryimage\"},\"thumbnailUrl\":\"https:\\\/\\\/budapest100.hu\\\/wp-content\\\/uploads\\\/2022\\\/04\\\/Uri_utca_64_66_Polinszky_T_103_resize.jpg\",\"datePublished\":\"2022-04-04T11:05:43+00:00\",\"dateModified\":\"2023-03-25T18:07:00+00:00\",\"inLanguage\":\"en-US\",\"potentialAction\":[{\"@type\":\"ReadAction\",\"target\":[\"https:\\\/\\\/budapest100.hu\\\/en\\\/house\\\/uri-utca-64-66\\\/\"]}]},{\"@type\":\"ImageObject\",\"inLanguage\":\"en-US\",\"@id\":\"https:\\\/\\\/budapest100.hu\\\/en\\\/house\\\/uri-utca-64-66\\\/#primaryimage\",\"url\":\"https:\\\/\\\/budapest100.hu\\\/wp-content\\\/uploads\\\/2022\\\/04\\\/Uri_utca_64_66_Polinszky_T_103_resize.jpg\",\"contentUrl\":\"https:\\\/\\\/budapest100.hu\\\/wp-content\\\/uploads\\\/2022\\\/04\\\/Uri_utca_64_66_Polinszky_T_103_resize.jpg\",\"width\":1100,\"height\":551},{\"@type\":\"WebSite\",\"@id\":\"https:\\\/\\\/budapest100.hu\\\/en\\\/#website\",\"url\":\"https:\\\/\\\/budapest100.hu\\\/en\\\/\",\"name\":\"Budapest100\",\"description\":\"Nyitott h\u00e1zak h\u00e9tv\u00e9g\u00e9je\",\"potentialAction\":[{\"@type\":\"SearchAction\",\"target\":{\"@type\":\"EntryPoint\",\"urlTemplate\":\"https:\\\/\\\/budapest100.hu\\\/en\\\/?s={search_term_string}\"},\"query-input\":{\"@type\":\"PropertyValueSpecification\",\"valueRequired\":true,\"valueName\":\"search_term_string\"}}],\"inLanguage\":\"en-US\"}]}<\/script>\n<!-- \/ Yoast SEO plugin. -->","yoast_head_json":{"title":"\u00dari utca 64-66. [N\u00e9met Nagyk\u00f6vets\u00e9g Budapest] - Budapest100","robots":{"index":"index","follow":"follow","max-snippet":"max-snippet:-1","max-image-preview":"max-image-preview:large","max-video-preview":"max-video-preview:-1"},"canonical":"https:\/\/budapest100.hu\/en\/house\/uri-utca-64-66\/","og_locale":"en_US","og_type":"article","og_title":"\u00dari utca 64-66. [N\u00e9met Nagyk\u00f6vets\u00e9g Budapest] - Budapest100","og_description":"A k\u00e9temeletes eklektikus \u00e9p\u00fclet k\u00fclseje nem \u00e1rulja el, hogy kapualj\u00e1t m\u00e9g ma is a 14. sz\u00e1zadb\u00f3l sz\u00e1rmaz\u00f3 g\u00f3tikus \u00fcl\u0151f\u00fclkesor d\u00edsz\u00edti. A 18. sz\u00e1zad elej\u00e9n a sk\u00f3t benc\u00e9sek \u00e9p\u00edtkeztek itt, a mai \u00e9p\u00fclet b\u00e9rh\u00e1znak \u00e9p\u00fclt 1884-ben. 1938 \u00e9s 1945 k\u00f6z\u00f6tt itt m\u0171k\u00f6d\u00f6tt a n\u00e9met nagyk\u00f6vets\u00e9g. 1953-ban a F\u0151v\u00e1ros ide k\u00f6lt\u00f6ztette \u00fat-h\u00edd-k\u00f6zm\u0171 tervez\u0151 v\u00e1llalat\u00e1t (F\u0150MTI). 1994 \u00f3ta [&hellip;]","og_url":"https:\/\/budapest100.hu\/en\/house\/uri-utca-64-66\/","og_site_name":"Budapest100","article_modified_time":"2023-03-25T18:07:00+00:00","og_image":[{"width":1100,"height":551,"url":"https:\/\/budapest100.hu\/wp-content\/uploads\/2022\/04\/Uri_utca_64_66_Polinszky_T_103_resize.jpg","type":"image\/jpeg"}],"twitter_card":"summary_large_image","twitter_misc":{"Est. reading time":"1 minute"},"schema":{"@context":"https:\/\/schema.org","@graph":[{"@type":"WebPage","@id":"https:\/\/budapest100.hu\/en\/house\/uri-utca-64-66\/","url":"https:\/\/budapest100.hu\/en\/house\/uri-utca-64-66\/","name":"\u00dari utca 64-66. [N\u00e9met Nagyk\u00f6vets\u00e9g Budapest] - Budapest100","isPartOf":{"@id":"https:\/\/budapest100.hu\/en\/#website"},"primaryImageOfPage":{"@id":"https:\/\/budapest100.hu\/en\/house\/uri-utca-64-66\/#primaryimage"},"image":{"@id":"https:\/\/budapest100.hu\/en\/house\/uri-utca-64-66\/#primaryimage"},"thumbnailUrl":"https:\/\/budapest100.hu\/wp-content\/uploads\/2022\/04\/Uri_utca_64_66_Polinszky_T_103_resize.jpg","datePublished":"2022-04-04T11:05:43+00:00","dateModified":"2023-03-25T18:07:00+00:00","inLanguage":"en-US","potentialAction":[{"@type":"ReadAction","target":["https:\/\/budapest100.hu\/en\/house\/uri-utca-64-66\/"]}]},{"@type":"ImageObject","inLanguage":"en-US","@id":"https:\/\/budapest100.hu\/en\/house\/uri-utca-64-66\/#primaryimage","url":"https:\/\/budapest100.hu\/wp-content\/uploads\/2022\/04\/Uri_utca_64_66_Polinszky_T_103_resize.jpg","contentUrl":"https:\/\/budapest100.hu\/wp-content\/uploads\/2022\/04\/Uri_utca_64_66_Polinszky_T_103_resize.jpg","width":1100,"height":551},{"@type":"WebSite","@id":"https:\/\/budapest100.hu\/en\/#website","url":"https:\/\/budapest100.hu\/en\/","name":"Budapest100","description":"Nyitott h\u00e1zak h\u00e9tv\u00e9g\u00e9je","potentialAction":[{"@type":"SearchAction","target":{"@type":"EntryPoint","urlTemplate":"https:\/\/budapest100.hu\/en\/?s={search_term_string}"},"query-input":{"@type":"PropertyValueSpecification","valueRequired":true,"valueName":"search_term_string"}}],"inLanguage":"en-US"}]}},"_links":{"self":[{"href":"https:\/\/budapest100.hu\/en\/wp-json\/wp\/v2\/house\/33336","targetHints":{"allow":["GET"]}}],"collection":[{"href":"https:\/\/budapest100.hu\/en\/wp-json\/wp\/v2\/house"}],"about":[{"href":"https:\/\/budapest100.hu\/en\/wp-json\/wp\/v2\/types\/house"}],"author":[{"embeddable":true,"href":"https:\/\/budapest100.hu\/en\/wp-json\/wp\/v2\/users\/14"}],"version-history":[{"count":1,"href":"https:\/\/budapest100.hu\/en\/wp-json\/wp\/v2\/house\/33336\/revisions"}],"predecessor-version":[{"id":37488,"href":"https:\/\/budapest100.hu\/en\/wp-json\/wp\/v2\/house\/33336\/revisions\/37488"}],"wp:featuredmedia":[{"embeddable":true,"href":"https:\/\/budapest100.hu\/en\/wp-json\/wp\/v2\/media\/34400"}],"wp:attachment":[{"href":"https:\/\/budapest100.hu\/en\/wp-json\/wp\/v2\/media?parent=33336"}],"wp:term":[{"taxonomy":"house_category","embeddable":true,"href":"https:\/\/budapest100.hu\/en\/wp-json\/wp\/v2\/house_category?post=33336"},{"taxonomy":"house_post_tag","embeddable":true,"href":"https:\/\/budapest100.hu\/en\/wp-json\/wp\/v2\/house_post_tag?post=33336"}],"curies":[{"name":"wp","href":"https:\/\/api.w.org\/{rel}","templated":true}]}}

Úri utca 64-66. [Német Nagykövetség Budapest]

<p>A kétemeletes eklektikus épület külseje nem árulja el, hogy kapualját még ma is a 14. századból származó gótikus ülőfülkesor díszíti. A 18. század elején a skót bencések építkeztek itt, a mai épület bérháznak épült 1884-ben. 1938 és 1945 között itt működött a német nagykövetség. 1953-ban a Főváros ide költöztette út-híd-közmű tervező vállalatát (FŐMTI). 1994 óta Németország Nagykövetsége tevékenykedik újból az épületben.</p>

<p>A kétemeletes eklektikus épület külseje nem árulja el, hogy kapualját még ma is a 14. századból származó gótikus ülőfülkesor díszíti. A 18. század elején a skót bencések építkeztek itt, a mai épület bérháznak épült 1884-ben. 1938 és 1945 között itt működött a német nagykövetség. 1953-ban a Főváros ide költöztette út-híd-közmű tervező vállalatát (FŐMTI). 1994 óta [&hellip;]</p>

<!-- This site is optimized with the Yoast SEO plugin v27.4 - https://yoast.com/product/yoast-seo-wordpress/ -->
<title>Úri utca 64-66. [Német Nagykövetség Budapest] - Budapest100</title>
<meta name="robots" content="index, follow, max-snippet:-1, max-image-preview:large, max-video-preview:-1" />
<link rel="canonical" href="https://budapest100.hu/en/house/uri-utca-64-66/" />
<meta property="og:locale" content="en_US" />
<meta property="og:type" content="article" />
<meta property="og:title" content="Úri utca 64-66. [Német Nagykövetség Budapest] - Budapest100" />
<meta property="og:description" content="A kétemeletes eklektikus épület külseje nem árulja el, hogy kapualját még ma is a 14. századból származó gótikus ülőfülkesor díszíti. A 18. század elején a skót bencések építkeztek itt, a mai épület bérháznak épült 1884-ben. 1938 és 1945 között itt működött a német nagykövetség. 1953-ban a Főváros ide költöztette út-híd-közmű tervező vállalatát (FŐMTI). 1994 óta [&hellip;]" />
<meta property="og:url" content="https://budapest100.hu/en/house/uri-utca-64-66/" />
<meta property="og:site_name" content="Budapest100" />
<meta property="article:modified_time" content="2023-03-25T18:07:00+00:00" />
<meta property="og:image" content="https://budapest100.hu/wp-content/uploads/2022/04/Uri_utca_64_66_Polinszky_T_103_resize.jpg" />
	<meta property="og:image:width" content="1100" />
	<meta property="og:image:height" content="551" />
	<meta property="og:image:type" content="image/jpeg" />
<meta name="twitter:card" content="summary_large_image" />
<meta name="twitter:label1" content="Est. reading time" />
	<meta name="twitter:data1" content="1 minute" />
<script type="application/ld+json" class="yoast-schema-graph">{"@context":"https:\/\/schema.org","@graph":[{"@type":"WebPage","@id":"https:\/\/budapest100.hu\/en\/house\/uri-utca-64-66\/","url":"https:\/\/budapest100.hu\/en\/house\/uri-utca-64-66\/","name":"Úri utca 64-66. [Német Nagykövetség Budapest] - Budapest100","isPartOf":{"@id":"https:\/\/budapest100.hu\/en\/#website"},"primaryImageOfPage":{"@id":"https:\/\/budapest100.hu\/en\/house\/uri-utca-64-66\/#primaryimage"},"image":{"@id":"https:\/\/budapest100.hu\/en\/house\/uri-utca-64-66\/#primaryimage"},"thumbnailUrl":"https:\/\/budapest100.hu\/wp-content\/uploads\/2022\/04\/Uri_utca_64_66_Polinszky_T_103_resize.jpg","datePublished":"2022-04-04T11:05:43+00:00","dateModified":"2023-03-25T18:07:00+00:00","inLanguage":"en-US","potentialAction":[{"@type":"ReadAction","target":["https:\/\/budapest100.hu\/en\/house\/uri-utca-64-66\/"]}]},{"@type":"ImageObject","inLanguage":"en-US","@id":"https:\/\/budapest100.hu\/en\/house\/uri-utca-64-66\/#primaryimage","url":"https:\/\/budapest100.hu\/wp-content\/uploads\/2022\/04\/Uri_utca_64_66_Polinszky_T_103_resize.jpg","contentUrl":"https:\/\/budapest100.hu\/wp-content\/uploads\/2022\/04\/Uri_utca_64_66_Polinszky_T_103_resize.jpg","width":1100,"height":551},{"@type":"WebSite","@id":"https:\/\/budapest100.hu\/en\/#website","url":"https:\/\/budapest100.hu\/en\/","name":"Budapest100","description":"Nyitott házak hétvégéje","potentialAction":[{"@type":"SearchAction","target":{"@type":"EntryPoint","urlTemplate":"https:\/\/budapest100.hu\/en\/?s={search_term_string}"},"query-input":{"@type":"PropertyValueSpecification","valueRequired":true,"valueName":"search_term_string"}}],"inLanguage":"en-US"}]}</script>
<!-- / Yoast SEO plugin. -->

Úri utca 64-66. [Német Nagykövetség Budapest] - Budapest100

A kétemeletes eklektikus épület külseje nem árulja el, hogy kapualját még ma is a 14. századból származó gótikus ülőfülkesor díszíti. A 18. század elején a skót bencések építkeztek itt, a mai épület bérháznak épült 1884-ben. 1938 és 1945 között itt működött a német nagykövetség. 1953-ban a Főváros ide költöztette út-híd-közmű tervező vállalatát (FŐMTI). 1994 óta [&hellip;]

Nyitott házak hétvégéje
